{"id":312,"date":"2022-12-14T13:36:55","date_gmt":"2022-12-14T12:36:55","guid":{"rendered":"https:\/\/www.wroclawskieskauty.pl\/skauty-2\/?page_id=312"},"modified":"2022-12-15T12:02:34","modified_gmt":"2022-12-15T11:02:34","slug":"projekty-unijne","status":"publish","type":"page","link":"https:\/\/www.wroclawskieskauty.pl\/skauty-2\/projekty-unijne\/","title":{"rendered":"Projekty Unijne"},"content":{"rendered":"<p>[vc_row][vc_column][vc_single_image image=&#8221;320&#8243; img_size=&#8221;full&#8221; alignment=&#8221;center&#8221;][\/vc_column][\/vc_row][vc_row][vc_column width=&#8221;1\/3&#8243; cms_title_size=&#8221;h2&#8243;][vc_column_text]Harmonogram wsparcia &#8211; <a href=\"https:\/\/www.wroclawskieskauty.pl\/skauty-2\/wp-content\/uploads\/2019\/10\/Harmonogram-wsparcia-Kie\u0142czowska.pdf\">pobierz<\/a><\/p>\n<p>Harmonogram wsparcia Grudzie\u0144 &#8211; <a href=\"https:\/\/www.wroclawskieskauty.pl\/skauty-2\/wp-content\/uploads\/2019\/12\/Harm.-wsparcia-Kie\u0142czowska-grudzie\u0144-1.pdf\">pobierz<\/a><\/p>\n<p>Harmonogram wsparcia Stycze\u0144 &#8211; <a href=\"https:\/\/www.wroclawskieskauty.pl\/skauty-2\/wp-content\/uploads\/2020\/01\/Harm.-wsparcia-Kie\u0142czowska-stycze\u0144-1.pdf\">pobierz<\/a><\/p>\n<p>Harmonogram wsparcia Luty &#8211; <a href=\"https:\/\/www.wroclawskieskauty.pl\/skauty-2\/wp-content\/uploads\/2020\/02\/Harm.-wsparcia-Kie\u0142czowska-luty.pdf\">pobierz<\/a><\/p>\n<p>Harmonogram wsparcia Marzec aktualizacja z dnia 10.03.2020 &#8211; <a href=\"https:\/\/www.wroclawskieskauty.pl\/skauty-2\/wp-content\/uploads\/2020\/03\/Harm.-wsparcia-Kie\u0142czowska-marzec-2020-aktualizacja.pdf\">pobierz<\/a><\/p>\n<p>Harmonogram wsparcia dla kadry &#8211; <a href=\"https:\/\/www.wroclawskieskauty.pl\/skauty-2\/wp-content\/uploads\/2020\/01\/Harmonogram-wsparcia-dla-kadry.pdf\">pobierz<\/a><\/p>\n<p>&nbsp;<\/p>\n<p>Informacja o dost\u0119pno\u015bci Przedszkola dl OzN &#8211; <a href=\"https:\/\/www.wroclawskieskauty.pl\/skauty-2\/wp-content\/uploads\/2019\/11\/Informacja-o-dost\u0119pno\u015bci-Przedszkola-dla-OzN.pdf\">pobierz<\/a><\/p>\n<p>Regulamin rekrutacji i uczestnictwa w projekcie &#8211; <a href=\"https:\/\/www.wroclawskieskauty.pl\/skauty-2\/wp-content\/uploads\/2019\/11\/Regulamin-rekrutacji-i-uczestnictwa-w-projekcie.pdf\">pobierz<\/a><\/p>\n<p>Regulamin rekrutacji i uczestnictwa w projekcie_wersja dost\u0119pna dla OzN &#8211; <a href=\"https:\/\/www.wroclawskieskauty.pl\/skauty-2\/wp-content\/uploads\/2019\/11\/Regulamin-rekrutacji-i-uczestnictwa-w-projekcie_wersja-dost\u0119pna-dla-OzN.pdf\">pobierz<\/a><\/p>\n<p>Wniosek o przyj\u0119cie dziecka do przedszkola &#8211; <a href=\"https:\/\/www.wroclawskieskauty.pl\/skauty-2\/wp-content\/uploads\/2019\/11\/Wniosek-o-przyj\u0119cie-dziecka-do-przedszkola.pdf\">pobierz<\/a><\/p>\n<p>Za\u0142\u0105cznik nr 1 &#8211; <a href=\"https:\/\/www.wroclawskieskauty.pl\/skauty-2\/wp-content\/uploads\/2019\/11\/Za\u0142\u0105cznik-nr-1.pdf\">pobierz<\/a><\/p>\n<p>Za\u0142\u0105cznik nr 2 &#8211; <a href=\"https:\/\/www.wroclawskieskauty.pl\/skauty-2\/wp-content\/uploads\/2019\/11\/Za\u0142\u0105cznik-nr-2.pdf\">pobierz<\/a><\/p>\n<p>Za\u0142\u0105cznik nr 3 &#8211; <a href=\"https:\/\/www.wroclawskieskauty.pl\/skauty-2\/wp-content\/uploads\/2019\/11\/Za\u0142\u0105cznik-nr-3.pdf\">pobierz<\/a><\/p>\n<p>Za\u0142\u0105cznik nr 4 &#8211; <a href=\"https:\/\/www.wroclawskieskauty.pl\/skauty-2\/wp-content\/uploads\/2019\/11\/Za\u0142\u0105cznik-nr-4.pdf\">pobierz<\/a><\/p>\n<p>Za\u0142\u0105cznik nr 5 &#8211; <a href=\"https:\/\/www.wroclawskieskauty.pl\/skauty-2\/wp-content\/uploads\/2019\/11\/Za\u0142\u0105cznik-nr-5.pdf\">pobierz<\/a><\/p>\n<p>Za\u0142\u0105cznik nr 6 &#8211; <a href=\"https:\/\/www.wroclawskieskauty.pl\/skauty-2\/wp-content\/uploads\/2019\/11\/Za\u0142\u0105cznik-nr-6.pdf\">pobierz<\/a><\/p>\n<p>Za\u0142\u0105cznik nr 7 &#8211; <a href=\"https:\/\/www.wroclawskieskauty.pl\/skauty-2\/wp-content\/uploads\/2019\/11\/Za\u0142\u0105czniki-nr-7.pdf\">pobierz<\/a>[\/vc_column_text][\/vc_column][vc_column width=&#8221;2\/3&#8243;][vc_column_text]<strong>\u00a0<\/strong><strong>O PROJEKCIE<\/strong><\/p>\n<p><strong>Nr Projektu:<\/strong> RPDS.10.01.02-02-0011\/19<\/p>\n<p><strong>Tytu\u0142 Projektu:<\/strong> Nowe miejsca przedszkolne w Publicznym Przedszkolu Wroc\u0142awskie Skauty II<\/p>\n<p><strong>Nr naboru:<\/strong> RPDS.10.01.02-IZ.00-02-320\/18<\/p>\n<p><strong>O\u015b priorytetowa:<\/strong> 10 Edukacja<\/p>\n<p><strong>Dzia\u0142anie: <\/strong>10.1 Zapewnienie r\u00f3wnego dost\u0119pu do wysokiej jako\u015bci edukacji przedszkolnej<\/p>\n<p><strong>Poddzia\u0142anie: <\/strong>10.1 Zapewnienie r\u00f3wnego dost\u0119pu do wysokiej jako\u015bci edukacji przedszkolnej \u2013 ZIT WrOF<\/p>\n<p><strong>Cel Projektu<\/strong><strong>: <\/strong><\/p>\n<p>Zwi\u0119kszenie o 50 nowych miejsc wychowania przedszkolnego liczby miejsc przedszkolnych na osiedlu Zgorzelisko we Wroc\u0142awiu poprzez utworzenie 2 nowych oddzia\u0142\u00f3w w Przedszkolu Publicznym Wroc\u0142awskie Skauty II oraz niwelacja deficyt\u00f3w rozwojowych i zwi\u0119kszenie kompetencji kluczowych i umiej\u0119tno\u015bci uniwersalnych 50 dzieci w wieku przedszkolnym oraz zwi\u0119kszenie kompetencji 10 nauczycieli wychowania przedszkolnego w okresie od 1 lipca 2019 r. do 31 sierpnia 2020 r.<\/p>\n<p><strong>Grup\u0119 docelow\u0105 stanowi\u0105:<\/strong><\/p>\n<ol>\n<li>Przedszkole Publiczne Wroc\u0142awskie Skauty II na Kie\u0142czowskiej 177, kt\u00f3ra w ramach projektu zostanie powi\u0119kszona o 2 oddzia\u0142y po 25 miejsc ka\u017cdy.<\/li>\n<li>50 dzieci (26 dziewczynek; 24 ch\u0142opc\u00f3w) w wieku przedszkolnym.<\/li>\n<li>Rodzice\/opiekunowie prawni dzieci w wieku przedszkolnym, zamieszkuj\u0105cy zgodnie z KC na terenie Gminy Wroc\u0142aw i w 20% na terenie Gminy D\u0142ugo\u0142\u0119ka.<\/li>\n<li>10 nauczycieli wychowania przedszkolnego (10K).<\/li>\n<\/ol>\n<p><strong>G\u0142\u00f3wne zadania:<\/strong><\/p>\n<p>Zad. 1 Adaptacja i wyposa\u017cenie lokalu<\/p>\n<p>Zad. 2 Prowadzenie dzia\u0142alno\u015bci bie\u017c\u0105cej<\/p>\n<p>Zad. 3 Dodatkowe zaj\u0119cia specjalistyczne:<\/p>\n<p>-zaj\u0119cia specjalistyczne\u2013logopedyczne<\/p>\n<p>-zaj\u0119cia rozwijaj\u0105ce kompetencje emocjonalno-spo\u0142eczne<\/p>\n<p>-zaj\u0119cia ruchowe z elementami integracji sensorycznej<\/p>\n<p>Zad. 4 Dodatkowe zaj\u0119cia edukacyjne<\/p>\n<p>-zaj\u0119cia z j\u0119zyka angielskiego<\/p>\n<p>-zaj\u0119cia &#8222;Kodowanie i programowanie&#8221;<\/p>\n<p>Zad. 5 Doskonalenie umiej\u0119tno\u015bci i kompetencji nauczycieli<\/p>\n<p><strong>G\u0142\u00f3wne rezultaty:<\/strong><\/p>\n<p>10 nauczycieli, kt\u00f3rzy uzyskali kwalifikacje lub nabyli kompetencje po opuszczeniu programu<\/p>\n<p>45 uczni\u00f3w, kt\u00f3rzy nabyli kompetencje kluczowe lub umiej\u0119tno\u015bci uniwersalne po opuszczeniu programu.<\/p>\n<p><strong>Okres realizacji: 01.07.2019 r. \u2013 31.08.2020 r.<\/strong><\/p>\n<p><strong>Warto\u015b\u0107 projektu wynosi\u00a0\u00a0973\u00a0743,12 z\u0142, z czego dofinansowanie z UE: 812\u00a0620,62 z\u0142.<\/strong><\/p>\n<p><strong>Biuro projektu: <\/strong><\/p>\n<p>Publiczne Przedszkole Wroc\u0142awskie Skauty II<\/p>\n<ol>\n<li>Kie\u0142czowska 177<\/li>\n<\/ol>\n<p>51-315 Wroc\u0142aw<br \/>\ntel. 576 044 875<br \/>\nmail: <a href=\"mailto:biuro2@wroclawskieskauty.pl\">biuro2@wroclawskieskauty.pl<\/a><\/p>\n<p>Koordynator Projektu: Jerzy Dziasek[\/vc_column_text][\/vc_column][\/vc_row]<\/p>\n","protected":false},"excerpt":{"rendered":"<p>[vc_row][vc_column][vc_single_image image=&#8221;320&#8243; img_size=&#8221;full&#8221; alignment=&#8221;center&#8221;][\/vc_column][\/vc_row][vc_row][vc_column width=&#8221;1\/3&#8243; cms_title_size=&#8221;h2&#8243;][vc_column_text]Harmonogram wsparcia &#8211; pobierz Harmonogram wsparcia Grudzie\u0144 &#8211; pobierz Harmonogram wsparcia Stycze\u0144 &#8211; pobierz Harmonogram wsparcia Luty &#8211; pobierz Harmonogram wsparcia Marzec aktualizacja z dnia 10.03.2020 &#8211; pobierz Harmonogram wsparcia dla kadry &#8211; pobierz &nbsp; Informacja o dost\u0119pno\u015bci Przedszkola dl OzN &#8211; pobierz Regulamin rekrutacji i uczestnictwa w projekcie &#8211; [&hellip;]<\/p>\n","protected":false},"author":3,"featured_media":0,"parent":0,"menu_order":0,"comment_status":"closed","ping_status":"closed","template":"","meta":[],"acf":[],"_links":{"self":[{"href":"https:\/\/www.wroclawskieskauty.pl\/skauty-2\/wp-json\/wp\/v2\/pages\/312"}],"collection":[{"href":"https:\/\/www.wroclawskieskauty.pl\/skauty-2\/wp-json\/wp\/v2\/pages"}],"about":[{"href":"https:\/\/www.wroclawskieskauty.pl\/skauty-2\/wp-json\/wp\/v2\/types\/page"}],"author":[{"embeddable":true,"href":"https:\/\/www.wroclawskieskauty.pl\/skauty-2\/wp-json\/wp\/v2\/users\/3"}],"replies":[{"embeddable":true,"href":"https:\/\/www.wroclawskieskauty.pl\/skauty-2\/wp-json\/wp\/v2\/comments?post=312"}],"version-history":[{"count":4,"href":"https:\/\/www.wroclawskieskauty.pl\/skauty-2\/wp-json\/wp\/v2\/pages\/312\/revisions"}],"predecessor-version":[{"id":322,"href":"https:\/\/www.wroclawskieskauty.pl\/skauty-2\/wp-json\/wp\/v2\/pages\/312\/revisions\/322"}],"wp:attachment":[{"href":"https:\/\/www.wroclawskieskauty.pl\/skauty-2\/wp-json\/wp\/v2\/media?parent=312"}],"curies":[{"name":"wp","href":"https:\/\/api.w.org\/{rel}","templated":true}]}}