{"id":68,"date":"2022-07-20T21:39:50","date_gmt":"2022-07-20T19:39:50","guid":{"rendered":"http:\/\/localhost\/skauty_1\/?page_id=68"},"modified":"2025-10-23T08:45:29","modified_gmt":"2025-10-23T06:45:29","slug":"nasza-kadra","status":"publish","type":"page","link":"https:\/\/www.wroclawskieskauty.pl\/skauty-4\/nasza-kadra\/","title":{"rendered":"Nasza Kadra"},"content":{"rendered":"<p>[vc_row][vc_column width=&#8221;1\/2&#8243; cms_title_size=&#8221;h2&#8243;][vc_column_text]<span style=\"color: #6f4792; font-size: 21px; line-height: 31px; font-weight: bold;\">Powierzenie swojego dziecka nieznanym osobom jest jednym z najbardziej stresuj\u0105cych moment\u00f3w, z kt\u00f3rym musz\u0105 si\u0119 zmierzy\u0107 Rodzice Przedszkolaka.\u00a0<\/span>[\/vc_column_text][vc_empty_space height=&#8221;36px&#8221;][vc_column_text]<\/p>\n<p class=\"font_7\"><span class=\"color_15\" style=\"color: #ff0000;\">Aby cho\u0107 troch\u0119 oswoi\u0107 ten strach i zmniejszy\u0107 Pa\u0144stwa stres, serdecznie zapraszamy na spotkanie z nami! Poznajmy si\u0119 lepiej!<\/span><\/p>\n<p class=\"font_7\">Nasza kadra to zesp\u00f3\u0142 m\u0142odych, pe\u0142nych pasji i zaanga\u017cowania nauczycieli, specjalist\u00f3w i instruktor\u00f3w, kt\u00f3rzy dbaj\u0105 o wszechstronny rozw\u00f3j swoich wychowank\u00f3w oraz o ciep\u0142\u0105 i przyjazn\u0105 atmosfer\u0119 w przedszkolu.<\/p>\n<p>W codziennej pracy nasi nauczyciele realizuj\u0105\u00a0program edukacyjny zgodny z najnowsz\u0105 podstaw\u0105 programow\u0105, rozszerzony o autorskie programy.<\/p>\n<p><strong>Kontakt do specjalist\u00f3w:<\/strong><\/p>\n<p><strong>Logopeda:<\/strong> wiktoria.nowakowska@wroclawskieskauty.pl<\/p>\n<p><strong>Logopeda:<\/strong> julia.matysiak@wroclawskieskauty.pl<\/p>\n<p><strong>Psycholog:<\/strong> psycholog.radkowska@wroclawskieskauty.pl<\/p>\n<p><strong>Pedagog specjalny:<\/strong> diana.kwiatkowska@wroclawskieskauty.pl[\/vc_column_text][\/vc_column][vc_column width=&#8221;1\/2&#8243; cms_title_size=&#8221;h2&#8243; cms_counter_border_color=&#8221;&#8221; cms_counter_bg_color=&#8221;&#8221;][vc_single_image image=&#8221;192&#8243; img_size=&#8221;large&#8221;][vc_empty_space height=&#8221;15px&#8221;][vc_column_text]<\/p>\n<div id=\"comp-jh0exgd9\" class=\"txtNew\" data-packed=\"false\" data-min-height=\"123\">\n<p class=\"font_8\"><strong>Jeste\u015bmy otwarci od poniedzia\u0142ku do pi\u0105tku, w godz. 6:30 &#8211; 17:30<\/strong><\/p>\n<\/div>\n<p>[\/vc_column_text][\/vc_column][\/vc_row][vc_row][vc_column][vc_single_image image=&#8221;1113&#8243; img_size=&#8221;full&#8221; alignment=&#8221;center&#8221;][\/vc_column][\/vc_row][vc_row content_placement=&#8221;middle&#8221;][vc_column width=&#8221;1\/3&#8243; cms_title_size=&#8221;h2&#8243;][vc_column_text]<\/p>\n<p style=\"text-align: center;\"><strong>JE\u017bYKI<\/strong><\/p>\n<p>WYCHOWAWCA: Maja W.-K.<\/p>\n<p>NAUCZYCIEL: Alicja K.[\/vc_column_text][vc_column_text]<\/p>\n<p style=\"text-align: center;\"><strong>SARENKI<\/strong><\/p>\n<p>WYCHOWAWCA: Agnieszka R.<\/p>\n<p>NAUCZYCIEL: Natalia S.[\/vc_column_text][\/vc_column][vc_column width=&#8221;1\/3&#8243;][vc_column_text]<\/p>\n<p style=\"text-align: center;\"><strong>MR\u00d3WECZKI<\/strong><\/p>\n<p>WYCHOWAWCA: Mariola G.<\/p>\n<p>NAUCZYCIEL: Alicja K.[\/vc_column_text][vc_column_text]<\/p>\n<p style=\"text-align: center;\"><strong>KOLIBERKI<\/strong><\/p>\n<p>WYCHOWAWCA: Ewa P.<\/p>\n<p>NAUCZYCIEL: Natalia S.[\/vc_column_text][\/vc_column][vc_column width=&#8221;1\/3&#8243;][vc_column_text]<\/p>\n<p style=\"text-align: center;\"><strong>KRECIKI<\/strong><\/p>\n<p>WYCHOWAWCA: Aleksandra Cz.-D.<\/p>\n<p>NAUCZYCIEL: Patrycja D.[\/vc_column_text][vc_column_text][\/vc_column_text][\/vc_column][\/vc_row][vc_row][vc_column][vc_column_text]<strong>NAUCZYCIEL:<\/strong><\/p>\n<p>Patrycja \u0141.<\/p>\n<p style=\"text-align: left;\"><strong>POMOCE NAUCZYCIELA<\/strong><\/p>\n<p>Anna N., Polina. Z., Magdalena S., Yuliia T., Joanna R., Olena S.,[\/vc_column_text][\/vc_column][vc_column][vc_single_image image=&#8221;1114&#8243; img_size=&#8221;full&#8221; alignment=&#8221;center&#8221;][\/vc_column][\/vc_row][vc_row content_placement=&#8221;middle&#8221;][vc_column width=&#8221;1\/3&#8243; cms_title_size=&#8221;h2&#8243;][vc_column_text]<\/p>\n<p style=\"text-align: center;\"><strong>MYSZKI<\/strong><\/p>\n<p>WYCHOWAWCA: Snizhana M.<\/p>\n<p>NAUCZYCIEL: Katarzyna B.[\/vc_column_text][vc_column_text]<\/p>\n<p style=\"text-align: center;\"><strong>O\u015aMIORNICE<\/strong><\/p>\n<p>WYCHOWAWCA: Dagmara S.<\/p>\n<p>NAUCZYCIEL: Gabriela K.[\/vc_column_text][vc_column_text]<\/p>\n<p style=\"text-align: center;\"><strong>PINGWINKI<\/strong><\/p>\n<p>WYCHOWAWCA: Renata M.<\/p>\n<p>NAUCZYCIEL: Katarzyna B.[\/vc_column_text][\/vc_column][vc_column width=&#8221;1\/3&#8243;][vc_column_text]<\/p>\n<p style=\"text-align: center;\"><strong>KAPIBARY<\/strong><\/p>\n<p>WYCHOWAWCA: Nikola R.<\/p>\n<p>NAUCZYCIEL: Joanna S.[\/vc_column_text][vc_column_text]<\/p>\n<p style=\"text-align: center;\"><strong>TUKANY<\/strong><\/p>\n<p>WYCHOWAWCA: Gabriela K.<\/p>\n<p>NAUCZYCIEL: Joanna S.[\/vc_column_text][vc_column_text]<\/p>\n<p style=\"text-align: center;\"><strong>WILCZKI<\/strong><\/p>\n<p>WYCHOWAWCA: Katarzyna C.<\/p>\n<p>NAUCZYCIEL: Ewa P.[\/vc_column_text][\/vc_column][vc_column width=&#8221;1\/3&#8243;][vc_column_text]<\/p>\n<p style=\"text-align: center;\"><strong>MEDUZY<\/strong><\/p>\n<p>WYCHOWAWCA: Anna W.<\/p>\n<p>NAUCZYCIEL: Gabriela K.[\/vc_column_text][vc_column_text]<\/p>\n<p style=\"text-align: center;\"><strong>GRUPA KOTKI<\/strong><\/p>\n<p>WYCHOWAWCA: Paulina M.<\/p>\n<p>NAUCZYCIEL: Jagoda B.[\/vc_column_text][vc_column_text]<\/p>\n<p style=\"text-align: center;\"><strong>NARWALE<\/strong><\/p>\n<p>WYCHOWAWCA: Julia S.<\/p>\n<p>NAUCZYCIEL: Jagoda B.[\/vc_column_text][\/vc_column][\/vc_row][vc_row][vc_column][vc_column_text]<\/p>\n<p style=\"text-align: left;\"><strong>POMOC NAUCZYCIELA<\/strong><\/p>\n<p>Victoria S., Karolina G., Nicole R., Anhelina M., Julia K., Halyna P., Kamila T., Ma\u0142gorzata N.,[\/vc_column_text][\/vc_column][\/vc_row][vc_row][vc_column][vc_single_image image=&#8221;1115&#8243; img_size=&#8221;full&#8221; alignment=&#8221;center&#8221;][\/vc_column][\/vc_row][vc_row content_placement=&#8221;middle&#8221;][vc_column width=&#8221;1\/3&#8243; cms_title_size=&#8221;h2&#8243;][vc_column_text]<\/p>\n<p style=\"text-align: center;\"><strong>LWY<\/strong><\/p>\n<p>WYCHOWAWCA: Katarzyna W.<\/p>\n<p>NAUCZYCIEL: Marta K.[\/vc_column_text][vc_column_text]<\/p>\n<p style=\"text-align: center;\"><b>HIPCIE<\/b><\/p>\n<p>WYCHOWAWCA: Marta Sz.<\/p>\n<p>NAUCZYCIEL: Weronika K.-B.[\/vc_column_text][vc_column_text]<\/p>\n<p style=\"text-align: center;\"><strong>LISKI<\/strong><\/p>\n<p>WYCHOWAWCA: Aleksandra G.<\/p>\n<p>NAUCZYCIEL: Marta K.[\/vc_column_text][\/vc_column][vc_column width=&#8221;1\/3&#8243;][vc_column_text]<\/p>\n<p style=\"text-align: center;\"><strong>MOTYLKI<\/strong><\/p>\n<p>WYCHOWAWCA: Liudmyla P.<\/p>\n<p>NAUCZYCIEL: Weronika K.[\/vc_column_text][vc_column_text]<\/p>\n<p style=\"text-align: center;\"><strong>BIEDRONKI<\/strong><\/p>\n<p>WYCHOWAWCA: Patrycja P.<\/p>\n<p>NAUCZYCIEL: Weronika K.-B.[\/vc_column_text][vc_column_text]<\/p>\n<p style=\"text-align: center;\"><b>\u015aWIETLIKI<\/b><\/p>\n<p>WYCHOWAWCA: Ma\u0142gorzata G.<\/p>\n<p>NAUCZYCIEL: Donata M.[\/vc_column_text][\/vc_column][vc_column width=&#8221;1\/3&#8243;][vc_column_text]<\/p>\n<p style=\"text-align: center;\"><strong>SOWY<\/strong><\/p>\n<p>WYCHOWAWCA: Anna G.-C.<\/p>\n<p>NAUCZYCIEL: Gabriela R.[\/vc_column_text][vc_column_text]<\/p>\n<p style=\"text-align: center;\"><strong>PRZYRODNICY<\/strong><\/p>\n<p>WYCHOWAWCA: Agata F.<\/p>\n<p>NAUCZYCIEL: Gabriela R.[\/vc_column_text][vc_column_text]<\/p>\n<p style=\"text-align: center;\"><strong>DELFINY<\/strong><\/p>\n<p>WYCHOWAWCA: Izabela M.<\/p>\n<p>NAUCZYCIEL: Donata M.[\/vc_column_text][\/vc_column][\/vc_row][vc_row][vc_column][vc_column_text]<\/p>\n<p style=\"text-align: left;\"><strong>NAUCZYCIEL<\/strong><\/p>\n<p>Anna P.[\/vc_column_text][vc_column_text]<\/p>\n<p style=\"text-align: left;\"><strong>POMOC NAUCZYCIELA<\/strong><\/p>\n<p>Anna G., Paulina K., Anastasiia P., Anastasiia Y., Dominika W., Oksana T., Olena S.[\/vc_column_text][\/vc_column][\/vc_row]<\/p>\n","protected":false},"excerpt":{"rendered":"<p>[vc_row][vc_column width=&#8221;1\/2&#8243; cms_title_size=&#8221;h2&#8243;][vc_column_text]Powierzenie swojego dziecka nieznanym osobom jest jednym z najbardziej stresuj\u0105cych moment\u00f3w, z kt\u00f3rym musz\u0105 si\u0119 zmierzy\u0107 Rodzice Przedszkolaka.\u00a0[\/vc_column_text][vc_empty_space height=&#8221;36px&#8221;][vc_column_text] Aby cho\u0107 troch\u0119 oswoi\u0107 ten strach i zmniejszy\u0107 Pa\u0144stwa stres, serdecznie zapraszamy na spotkanie z nami! Poznajmy si\u0119 lepiej! Nasza kadra to zesp\u00f3\u0142 m\u0142odych, pe\u0142nych pasji i zaanga\u017cowania nauczycieli, specjalist\u00f3w i instruktor\u00f3w, kt\u00f3rzy dbaj\u0105 [&hellip;]<\/p>\n","protected":false},"author":1,"featured_media":0,"parent":0,"menu_order":0,"comment_status":"closed","ping_status":"closed","template":"","meta":[],"acf":[],"_links":{"self":[{"href":"https:\/\/www.wroclawskieskauty.pl\/skauty-4\/wp-json\/wp\/v2\/pages\/68"}],"collection":[{"href":"https:\/\/www.wroclawskieskauty.pl\/skauty-4\/wp-json\/wp\/v2\/pages"}],"about":[{"href":"https:\/\/www.wroclawskieskauty.pl\/skauty-4\/wp-json\/wp\/v2\/types\/page"}],"author":[{"embeddable":true,"href":"https:\/\/www.wroclawskieskauty.pl\/skauty-4\/wp-json\/wp\/v2\/users\/1"}],"replies":[{"embeddable":true,"href":"https:\/\/www.wroclawskieskauty.pl\/skauty-4\/wp-json\/wp\/v2\/comments?post=68"}],"version-history":[{"count":31,"href":"https:\/\/www.wroclawskieskauty.pl\/skauty-4\/wp-json\/wp\/v2\/pages\/68\/revisions"}],"predecessor-version":[{"id":1436,"href":"https:\/\/www.wroclawskieskauty.pl\/skauty-4\/wp-json\/wp\/v2\/pages\/68\/revisions\/1436"}],"wp:attachment":[{"href":"https:\/\/www.wroclawskieskauty.pl\/skauty-4\/wp-json\/wp\/v2\/media?parent=68"}],"curies":[{"name":"wp","href":"https:\/\/api.w.org\/{rel}","templated":true}]}}

<p>[vc_row][vc_column width=&#8221;1/2&#8243; cms_title_size=&#8221;h2&#8243;][vc_column_text]<span style="color: #6f4792; font-size: 21px; line-height: 31px; font-weight: bold;">Powierzenie swojego dziecka nieznanym osobom jest jednym z najbardziej stresujących momentów, z którym muszą się zmierzyć Rodzice Przedszkolaka. </span>[/vc_column_text][vc_empty_space height=&#8221;36px&#8221;][vc_column_text]</p>
<p class="font_7"><span class="color_15" style="color: #ff0000;">Aby choć trochę oswoić ten strach i zmniejszyć Państwa stres, serdecznie zapraszamy na spotkanie z nami! Poznajmy się lepiej!</span></p>
<p class="font_7">Nasza kadra to zespół młodych, pełnych pasji i zaangażowania nauczycieli, specjalistów i instruktorów, którzy dbają o wszechstronny rozwój swoich wychowanków oraz o ciepłą i przyjazną atmosferę w przedszkolu.</p>
<p>W codziennej pracy nasi nauczyciele realizują program edukacyjny zgodny z najnowszą podstawą programową, rozszerzony o autorskie programy.</p>
<p><strong>Kontakt do specjalistów:</strong></p>
<p><strong>Logopeda:</strong> wiktoria.nowakowska@wroclawskieskauty.pl</p>
<p><strong>Logopeda:</strong> julia.matysiak@wroclawskieskauty.pl</p>
<p><strong>Psycholog:</strong> psycholog.radkowska@wroclawskieskauty.pl</p>
<p><strong>Pedagog specjalny:</strong> diana.kwiatkowska@wroclawskieskauty.pl[/vc_column_text][/vc_column][vc_column width=&#8221;1/2&#8243; cms_title_size=&#8221;h2&#8243; cms_counter_border_color=&#8221;&#8221; cms_counter_bg_color=&#8221;&#8221;][vc_single_image image=&#8221;192&#8243; img_size=&#8221;large&#8221;][vc_empty_space height=&#8221;15px&#8221;][vc_column_text]</p>
<div id="comp-jh0exgd9" class="txtNew" data-packed="false" data-min-height="123">
<p class="font_8"><strong>Jesteśmy otwarci od poniedziałku do piątku, w godz. 6:30 &#8211; 17:30</strong></p>
</div>
<p>[/vc_column_text][/vc_column][/vc_row][vc_row][vc_column][vc_single_image image=&#8221;1113&#8243; img_size=&#8221;full&#8221; alignment=&#8221;center&#8221;][/vc_column][/vc_row][vc_row content_placement=&#8221;middle&#8221;][vc_column width=&#8221;1/3&#8243; cms_title_size=&#8221;h2&#8243;][vc_column_text]</p>
<p style="text-align: center;"><strong>JEŻYKI</strong></p>
<p>WYCHOWAWCA: Maja W.-K.</p>
<p>NAUCZYCIEL: Alicja K.[/vc_column_text][vc_column_text]</p>
<p style="text-align: center;"><strong>SARENKI</strong></p>
<p>WYCHOWAWCA: Agnieszka R.</p>
<p>NAUCZYCIEL: Natalia S.[/vc_column_text][/vc_column][vc_column width=&#8221;1/3&#8243;][vc_column_text]</p>
<p style="text-align: center;"><strong>MRÓWECZKI</strong></p>
<p>WYCHOWAWCA: Mariola G.</p>
<p>NAUCZYCIEL: Alicja K.[/vc_column_text][vc_column_text]</p>
<p style="text-align: center;"><strong>KOLIBERKI</strong></p>
<p>WYCHOWAWCA: Ewa P.</p>
<p>NAUCZYCIEL: Natalia S.[/vc_column_text][/vc_column][vc_column width=&#8221;1/3&#8243;][vc_column_text]</p>
<p style="text-align: center;"><strong>KRECIKI</strong></p>
<p>WYCHOWAWCA: Aleksandra Cz.-D.</p>
<p>NAUCZYCIEL: Patrycja D.[/vc_column_text][vc_column_text][/vc_column_text][/vc_column][/vc_row][vc_row][vc_column][vc_column_text]<strong>NAUCZYCIEL:</strong></p>
<p>Patrycja Ł.</p>
<p style="text-align: left;"><strong>POMOCE NAUCZYCIELA</strong></p>
<p>Anna N., Polina. Z., Magdalena S., Yuliia T., Joanna R., Olena S.,[/vc_column_text][/vc_column][vc_column][vc_single_image image=&#8221;1114&#8243; img_size=&#8221;full&#8221; alignment=&#8221;center&#8221;][/vc_column][/vc_row][vc_row content_placement=&#8221;middle&#8221;][vc_column width=&#8221;1/3&#8243; cms_title_size=&#8221;h2&#8243;][vc_column_text]</p>
<p style="text-align: center;"><strong>MYSZKI</strong></p>
<p>WYCHOWAWCA: Snizhana M.</p>
<p>NAUCZYCIEL: Katarzyna B.[/vc_column_text][vc_column_text]</p>
<p style="text-align: center;"><strong>OŚMIORNICE</strong></p>
<p>WYCHOWAWCA: Dagmara S.</p>
<p>NAUCZYCIEL: Gabriela K.[/vc_column_text][vc_column_text]</p>
<p style="text-align: center;"><strong>PINGWINKI</strong></p>
<p>WYCHOWAWCA: Renata M.</p>
<p>NAUCZYCIEL: Katarzyna B.[/vc_column_text][/vc_column][vc_column width=&#8221;1/3&#8243;][vc_column_text]</p>
<p style="text-align: center;"><strong>KAPIBARY</strong></p>
<p>WYCHOWAWCA: Nikola R.</p>
<p>NAUCZYCIEL: Joanna S.[/vc_column_text][vc_column_text]</p>
<p style="text-align: center;"><strong>TUKANY</strong></p>
<p>WYCHOWAWCA: Gabriela K.</p>
<p>NAUCZYCIEL: Joanna S.[/vc_column_text][vc_column_text]</p>
<p style="text-align: center;"><strong>WILCZKI</strong></p>
<p>WYCHOWAWCA: Katarzyna C.</p>
<p>NAUCZYCIEL: Ewa P.[/vc_column_text][/vc_column][vc_column width=&#8221;1/3&#8243;][vc_column_text]</p>
<p style="text-align: center;"><strong>MEDUZY</strong></p>
<p>WYCHOWAWCA: Anna W.</p>
<p>NAUCZYCIEL: Gabriela K.[/vc_column_text][vc_column_text]</p>
<p style="text-align: center;"><strong>GRUPA KOTKI</strong></p>
<p>WYCHOWAWCA: Paulina M.</p>
<p>NAUCZYCIEL: Jagoda B.[/vc_column_text][vc_column_text]</p>
<p style="text-align: center;"><strong>NARWALE</strong></p>
<p>WYCHOWAWCA: Julia S.</p>
<p>NAUCZYCIEL: Jagoda B.[/vc_column_text][/vc_column][/vc_row][vc_row][vc_column][vc_column_text]</p>
<p style="text-align: left;"><strong>POMOC NAUCZYCIELA</strong></p>
<p>Victoria S., Karolina G., Nicole R., Anhelina M., Julia K., Halyna P., Kamila T., Małgorzata N.,[/vc_column_text][/vc_column][/vc_row][vc_row][vc_column][vc_single_image image=&#8221;1115&#8243; img_size=&#8221;full&#8221; alignment=&#8221;center&#8221;][/vc_column][/vc_row][vc_row content_placement=&#8221;middle&#8221;][vc_column width=&#8221;1/3&#8243; cms_title_size=&#8221;h2&#8243;][vc_column_text]</p>
<p style="text-align: center;"><strong>LWY</strong></p>
<p>WYCHOWAWCA: Katarzyna W.</p>
<p>NAUCZYCIEL: Marta K.[/vc_column_text][vc_column_text]</p>
<p style="text-align: center;"><b>HIPCIE</b></p>
<p>WYCHOWAWCA: Marta Sz.</p>
<p>NAUCZYCIEL: Weronika K.-B.[/vc_column_text][vc_column_text]</p>
<p style="text-align: center;"><strong>LISKI</strong></p>
<p>WYCHOWAWCA: Aleksandra G.</p>
<p>NAUCZYCIEL: Marta K.[/vc_column_text][/vc_column][vc_column width=&#8221;1/3&#8243;][vc_column_text]</p>
<p style="text-align: center;"><strong>MOTYLKI</strong></p>
<p>WYCHOWAWCA: Liudmyla P.</p>
<p>NAUCZYCIEL: Weronika K.[/vc_column_text][vc_column_text]</p>
<p style="text-align: center;"><strong>BIEDRONKI</strong></p>
<p>WYCHOWAWCA: Patrycja P.</p>
<p>NAUCZYCIEL: Weronika K.-B.[/vc_column_text][vc_column_text]</p>
<p style="text-align: center;"><b>ŚWIETLIKI</b></p>
<p>WYCHOWAWCA: Małgorzata G.</p>
<p>NAUCZYCIEL: Donata M.[/vc_column_text][/vc_column][vc_column width=&#8221;1/3&#8243;][vc_column_text]</p>
<p style="text-align: center;"><strong>SOWY</strong></p>
<p>WYCHOWAWCA: Anna G.-C.</p>
<p>NAUCZYCIEL: Gabriela R.[/vc_column_text][vc_column_text]</p>
<p style="text-align: center;"><strong>PRZYRODNICY</strong></p>
<p>WYCHOWAWCA: Agata F.</p>
<p>NAUCZYCIEL: Gabriela R.[/vc_column_text][vc_column_text]</p>
<p style="text-align: center;"><strong>DELFINY</strong></p>
<p>WYCHOWAWCA: Izabela M.</p>
<p>NAUCZYCIEL: Donata M.[/vc_column_text][/vc_column][/vc_row][vc_row][vc_column][vc_column_text]</p>
<p style="text-align: left;"><strong>NAUCZYCIEL</strong></p>
<p>Anna P.[/vc_column_text][vc_column_text]</p>
<p style="text-align: left;"><strong>POMOC NAUCZYCIELA</strong></p>
<p>Anna G., Paulina K., Anastasiia P., Anastasiia Y., Dominika W., Oksana T., Olena S.[/vc_column_text][/vc_column][/vc_row]</p>

<p>[vc_row][vc_column width=&#8221;1/2&#8243; cms_title_size=&#8221;h2&#8243;][vc_column_text]Powierzenie swojego dziecka nieznanym osobom jest jednym z najbardziej stresujących momentów, z którym muszą się zmierzyć Rodzice Przedszkolaka. [/vc_column_text][vc_empty_space height=&#8221;36px&#8221;][vc_column_text] Aby choć trochę oswoić ten strach i zmniejszyć Państwa stres, serdecznie zapraszamy na spotkanie z nami! Poznajmy się lepiej! Nasza kadra to zespół młodych, pełnych pasji i zaangażowania nauczycieli, specjalistów i instruktorów, którzy dbają [&hellip;]</p>
