{"id":88,"date":"2022-07-21T13:15:11","date_gmt":"2022-07-21T11:15:11","guid":{"rendered":"http:\/\/localhost\/skauty_1\/?page_id=88"},"modified":"2025-08-25T08:59:13","modified_gmt":"2025-08-25T06:59:13","slug":"rada-rodzicow","status":"publish","type":"page","link":"https:\/\/www.wroclawskieskauty.pl\/skauty-4\/rada-rodzicow\/","title":{"rendered":"WA\u017bNE INFORMACJE"},"content":{"rendered":"<p>[vc_row][vc_column][vc_column_text]<\/p>\n<h3>OP\u0141ATY W ROKU SZKOLNYM 2025\/2026:<\/h3>\n<p><strong><em>POBYT DZIECKA W PLAC\u00d3WCE:<\/em><\/strong><\/p>\n<ul>\n<li>5 pierwszych godzin pobytu &#8211; BEZP\u0141ATNE<\/li>\n<li>Ka\u017cda kolejna rozpocz\u0119ta godzina pobytu &#8211; 1,44z\u0142<\/li>\n<\/ul>\n<p>Miesi\u0119czna op\u0142ata, wskazuj\u0105ca ilo\u015bci godzin pobytu dziecka w przedszkolu, ponad czas przeznaczony na bezp\u0142atne nauczanie, wychowanie i opiek\u0119 ustalana jest na podstawie zapis\u00f3w w systemie informatycznym &#8222;E-Lizak&#8221;. Zapisy przekazywane s\u0105 do systemu na podstawie odbi\u0107 kart zbli\u017ceniowych.<\/p>\n<p><em><strong>WY\u017bYWIENIE:<\/strong><\/em><\/p>\n<ul>\n<li>Wy\u017cywienie bez diety &#8211; Ca\u0142odzienne wy\u017cywienie &#8211; 23,00z\u0142\/dzie\u0144<\/li>\n<li>Wy\u017cywienie z diet\u0105 (1 alergen) &#8211; Ca\u0142odzienne wy\u017cywienie &#8211; 25,00z\u0142\/dzie\u0144<\/li>\n<li>Wy\u017cywienie z diet\u0105 specjalistyczn\u0105 (2 lub wi\u0119cej alergen\u00f3w) &#8211; Ca\u0142odzienne wy\u017cywienie &#8211; 27,00z\u0142\/dzie\u0144<\/li>\n<\/ul>\n<p>W przypadku nieobecno\u015bci dziecka w przedszkolu ulega proporcjonalnemu pomniejszeniu, za ka\u017cdy dzie\u0144 nieobecno\u015bci dziecka, pod warunkiem dokonania przez rodzica stosownej adnotacji w systemie informatycznym &#8222;E-Lizak&#8221;, a dotycz\u0105cej absencji dziecka w przedszkolu. Aby op\u0142ata zosta\u0142a pomniejszona, zg\u0142oszenie nieobecno\u015bci dziecka musi nast\u0105pi\u0107 nie p\u00f3\u017aniej ni\u017c w dniu absencji dziecka w przedszkolu do godziny 5:00.<\/p>\n<hr \/>\n<p>Informacja o ca\u0142o\u015bciowej miesi\u0119cznej op\u0142acie za przedszkole jest udost\u0119pniana w systemie informatycznym &#8222;E-Lizak&#8221; &#8211; login i has\u0142o rodzic otrzymuje od przedszkola. Op\u0142at\u0119 rodzic wnosi do 10-tego dnia ka\u017cdego miesi\u0105ca na indywidualny rachunek bankowy wskazany na wygenerowanych rachunku z systemu &#8222;E-Lizak&#8221;.<\/p>\n<h3>WYPRAWKA &#8211; Czyli co &#8222;Wroc\u0142awski Skaut&#8221; powinien zabra\u0107 ze sob\u0105 do przedszkola?<\/h3>\n<ul>\n<li>Podpisany bidon<\/li>\n<li>Poduszka, kocyk (dotyczy dzieci trzy-letnich, kt\u00f3re odpoczywaj\u0105 po obiedzie)<\/li>\n<li>Kapcie z podeszw\u0105 antypo\u015blizgow\u0105<\/li>\n<li>Podpisane rzeczy na zmian\u0119 (dwa komplety &#8211; koszulki, spodnie, skarpetki, bielizna)<\/li>\n<li>Mokre chusteczki, chusteczki higieniczne<\/li>\n<li>Nawil\u017cany papier toaletowy (je\u015bli dziecko potrzebuje)<\/li>\n<li>Pluszowa przytulanka &#8211; towarzysz przyg\u00f3d i zabaw<\/li>\n<li>U\u015bmiech na twarzy \ud83d\ude42<\/li>\n<\/ul>\n<p>[\/vc_column_text][\/vc_column][\/vc_row]<\/p>\n","protected":false},"excerpt":{"rendered":"<p>[vc_row][vc_column][vc_column_text] OP\u0141ATY W ROKU SZKOLNYM 2025\/2026: POBYT DZIECKA W PLAC\u00d3WCE: 5 pierwszych godzin pobytu &#8211; BEZP\u0141ATNE Ka\u017cda kolejna rozpocz\u0119ta godzina pobytu &#8211; 1,44z\u0142 Miesi\u0119czna op\u0142ata, wskazuj\u0105ca ilo\u015bci godzin pobytu dziecka w przedszkolu, ponad czas przeznaczony na bezp\u0142atne nauczanie, wychowanie i opiek\u0119 ustalana jest na podstawie zapis\u00f3w w systemie informatycznym &#8222;E-Lizak&#8221;. Zapisy przekazywane s\u0105 do systemu [&hellip;]<\/p>\n","protected":false},"author":1,"featured_media":0,"parent":0,"menu_order":0,"comment_status":"closed","ping_status":"closed","template":"","meta":[],"acf":[],"_links":{"self":[{"href":"https:\/\/www.wroclawskieskauty.pl\/skauty-4\/wp-json\/wp\/v2\/pages\/88"}],"collection":[{"href":"https:\/\/www.wroclawskieskauty.pl\/skauty-4\/wp-json\/wp\/v2\/pages"}],"about":[{"href":"https:\/\/www.wroclawskieskauty.pl\/skauty-4\/wp-json\/wp\/v2\/types\/page"}],"author":[{"embeddable":true,"href":"https:\/\/www.wroclawskieskauty.pl\/skauty-4\/wp-json\/wp\/v2\/users\/1"}],"replies":[{"embeddable":true,"href":"https:\/\/www.wroclawskieskauty.pl\/skauty-4\/wp-json\/wp\/v2\/comments?post=88"}],"version-history":[{"count":11,"href":"https:\/\/www.wroclawskieskauty.pl\/skauty-4\/wp-json\/wp\/v2\/pages\/88\/revisions"}],"predecessor-version":[{"id":1404,"href":"https:\/\/www.wroclawskieskauty.pl\/skauty-4\/wp-json\/wp\/v2\/pages\/88\/revisions\/1404"}],"wp:attachment":[{"href":"https:\/\/www.wroclawskieskauty.pl\/skauty-4\/wp-json\/wp\/v2\/media?parent=88"}],"curies":[{"name":"wp","href":"https:\/\/api.w.org\/{rel}","templated":true}]}}

WAŻNE INFORMACJE

<p>[vc_row][vc_column][vc_column_text]</p>
<h3>OPŁATY W ROKU SZKOLNYM 2025/2026:</h3>
<p><strong><em>POBYT DZIECKA W PLACÓWCE:</em></strong></p>
<ul>
<li>5 pierwszych godzin pobytu &#8211; BEZPŁATNE</li>
<li>Każda kolejna rozpoczęta godzina pobytu &#8211; 1,44zł</li>
</ul>
<p>Miesięczna opłata, wskazująca ilości godzin pobytu dziecka w przedszkolu, ponad czas przeznaczony na bezpłatne nauczanie, wychowanie i opiekę ustalana jest na podstawie zapisów w systemie informatycznym &#8222;E-Lizak&#8221;. Zapisy przekazywane są do systemu na podstawie odbić kart zbliżeniowych.</p>
<p><em><strong>WYŻYWIENIE:</strong></em></p>
<ul>
<li>Wyżywienie bez diety &#8211; Całodzienne wyżywienie &#8211; 23,00zł/dzień</li>
<li>Wyżywienie z dietą (1 alergen) &#8211; Całodzienne wyżywienie &#8211; 25,00zł/dzień</li>
<li>Wyżywienie z dietą specjalistyczną (2 lub więcej alergenów) &#8211; Całodzienne wyżywienie &#8211; 27,00zł/dzień</li>
</ul>
<p>W przypadku nieobecności dziecka w przedszkolu ulega proporcjonalnemu pomniejszeniu, za każdy dzień nieobecności dziecka, pod warunkiem dokonania przez rodzica stosownej adnotacji w systemie informatycznym &#8222;E-Lizak&#8221;, a dotyczącej absencji dziecka w przedszkolu. Aby opłata została pomniejszona, zgłoszenie nieobecności dziecka musi nastąpić nie później niż w dniu absencji dziecka w przedszkolu do godziny 5:00.</p>
<hr />
<p>Informacja o całościowej miesięcznej opłacie za przedszkole jest udostępniana w systemie informatycznym &#8222;E-Lizak&#8221; &#8211; login i hasło rodzic otrzymuje od przedszkola. Opłatę rodzic wnosi do 10-tego dnia każdego miesiąca na indywidualny rachunek bankowy wskazany na wygenerowanych rachunku z systemu &#8222;E-Lizak&#8221;.</p>
<h3>WYPRAWKA &#8211; Czyli co &#8222;Wrocławski Skaut&#8221; powinien zabrać ze sobą do przedszkola?</h3>
<ul>
<li>Podpisany bidon</li>
<li>Poduszka, kocyk (dotyczy dzieci trzy-letnich, które odpoczywają po obiedzie)</li>
<li>Kapcie z podeszwą antypoślizgową</li>
<li>Podpisane rzeczy na zmianę (dwa komplety &#8211; koszulki, spodnie, skarpetki, bielizna)</li>
<li>Mokre chusteczki, chusteczki higieniczne</li>
<li>Nawilżany papier toaletowy (jeśli dziecko potrzebuje)</li>
<li>Pluszowa przytulanka &#8211; towarzysz przygód i zabaw</li>
<li>Uśmiech na twarzy 🙂</li>
</ul>
<p>[/vc_column_text][/vc_column][/vc_row]</p>

<p>[vc_row][vc_column][vc_column_text] OPŁATY W ROKU SZKOLNYM 2025/2026: POBYT DZIECKA W PLACÓWCE: 5 pierwszych godzin pobytu &#8211; BEZPŁATNE Każda kolejna rozpoczęta godzina pobytu &#8211; 1,44zł Miesięczna opłata, wskazująca ilości godzin pobytu dziecka w przedszkolu, ponad czas przeznaczony na bezpłatne nauczanie, wychowanie i opiekę ustalana jest na podstawie zapisów w systemie informatycznym &#8222;E-Lizak&#8221;. Zapisy przekazywane są do systemu [&hellip;]</p>
