{"id":70,"date":"2022-07-20T21:40:18","date_gmt":"2022-07-20T19:40:18","guid":{"rendered":"https:\/\/www.wroclawskieskauty.pl\/skauty-1\/?page_id=70"},"modified":"2026-03-20T10:59:08","modified_gmt":"2026-03-20T09:59:08","slug":"godziny-pracy","status":"publish","type":"page","link":"https:\/\/www.wroclawskieskauty.pl\/skauty-5\/godziny-pracy\/","title":{"rendered":"Organizacja i godziny pracy"},"content":{"rendered":"<p>[vc_row][vc_column width=&#8221;1\/2&#8243; cms_title_size=&#8221;h2&#8243;][vc_column_text]<strong>Wroc\u0142awskie Skauty V zapraszaj\u0105 dzieci od poniedzia\u0142ku do pi\u0105tku w godzinach 6:30\u201317:30.<\/strong><\/p>\n<p>Nasze przedszkole funkcjonuje przez ca\u0142y rok, zapewniaj\u0105c opiek\u0119, edukacj\u0119 i bezpieczn\u0105 przestrze\u0144 do rozwoju. Wyj\u0105tek stanowi trzytygodniowa przerwa wakacyjna oraz wybrane dni \u015bwi\u0105teczne. Wszystkie przerwy w pracy plac\u00f3wki ustalane s\u0105 z odpowiednim wyprzedzeniem, aby umo\u017cliwi\u0107 Pa\u0144stwu wygodne zaplanowanie opieki nad dzie\u0107mi.<\/p>\n<p>Dni wolne od zaj\u0119\u0107 dydaktyczno-wychowawczych:<\/p>\n<p>10 listopada 2025<\/p>\n<p>29\u201331 grudnia 2025<\/p>\n<p>2 stycznia 2026<\/p>\n<p>5 czerwca 2026<\/p>\n<p>14 sierpnia 2026<\/p>\n<p>Przerwa wakacyjna<\/p>\n<p>13\u201331 lipca 2026<\/p>\n<p>Zale\u017cy nam na dobrej komunikacji i przejrzysto\u015bci organizacji pracy \u2013 dlatego wszystkie istotne informacje przekazujemy Pa\u0144stwu z wyprzedzeniem.[\/vc_column_text][\/vc_column][vc_column width=&#8221;1\/2&#8243; cms_title_size=&#8221;h2&#8243; cms_counter_border_color=&#8221;&#8221; cms_counter_bg_color=&#8221;&#8221;][vc_single_image image=&#8221;474&#8243; img_size=&#8221;480&#215;360&#8243;][vc_empty_space][\/vc_column][\/vc_row]<\/p>\n","protected":false},"excerpt":{"rendered":"<p>[vc_row][vc_column width=&#8221;1\/2&#8243; cms_title_size=&#8221;h2&#8243;][vc_column_text]Wroc\u0142awskie Skauty V zapraszaj\u0105 dzieci od poniedzia\u0142ku do pi\u0105tku w godzinach 6:30\u201317:30. Nasze przedszkole funkcjonuje przez ca\u0142y rok, zapewniaj\u0105c opiek\u0119, edukacj\u0119 i bezpieczn\u0105 przestrze\u0144 do rozwoju. Wyj\u0105tek stanowi trzytygodniowa przerwa wakacyjna oraz wybrane dni \u015bwi\u0105teczne. Wszystkie przerwy w pracy plac\u00f3wki ustalane s\u0105 z odpowiednim wyprzedzeniem, aby umo\u017cliwi\u0107 Pa\u0144stwu wygodne zaplanowanie opieki nad dzie\u0107mi. [&hellip;]<\/p>\n","protected":false},"author":1,"featured_media":0,"parent":0,"menu_order":0,"comment_status":"closed","ping_status":"closed","template":"","meta":[],"acf":[],"_links":{"self":[{"href":"https:\/\/www.wroclawskieskauty.pl\/skauty-5\/wp-json\/wp\/v2\/pages\/70"}],"collection":[{"href":"https:\/\/www.wroclawskieskauty.pl\/skauty-5\/wp-json\/wp\/v2\/pages"}],"about":[{"href":"https:\/\/www.wroclawskieskauty.pl\/skauty-5\/wp-json\/wp\/v2\/types\/page"}],"author":[{"embeddable":true,"href":"https:\/\/www.wroclawskieskauty.pl\/skauty-5\/wp-json\/wp\/v2\/users\/1"}],"replies":[{"embeddable":true,"href":"https:\/\/www.wroclawskieskauty.pl\/skauty-5\/wp-json\/wp\/v2\/comments?post=70"}],"version-history":[{"count":12,"href":"https:\/\/www.wroclawskieskauty.pl\/skauty-5\/wp-json\/wp\/v2\/pages\/70\/revisions"}],"predecessor-version":[{"id":686,"href":"https:\/\/www.wroclawskieskauty.pl\/skauty-5\/wp-json\/wp\/v2\/pages\/70\/revisions\/686"}],"wp:attachment":[{"href":"https:\/\/www.wroclawskieskauty.pl\/skauty-5\/wp-json\/wp\/v2\/media?parent=70"}],"curies":[{"name":"wp","href":"https:\/\/api.w.org\/{rel}","templated":true}]}}

<p>[vc_row][vc_column width=&#8221;1/2&#8243; cms_title_size=&#8221;h2&#8243;][vc_column_text]<strong>Wrocławskie Skauty V zapraszają dzieci od poniedziałku do piątku w godzinach 6:30–17:30.</strong></p>
<p>Nasze przedszkole funkcjonuje przez cały rok, zapewniając opiekę, edukację i bezpieczną przestrzeń do rozwoju. Wyjątek stanowi trzytygodniowa przerwa wakacyjna oraz wybrane dni świąteczne. Wszystkie przerwy w pracy placówki ustalane są z odpowiednim wyprzedzeniem, aby umożliwić Państwu wygodne zaplanowanie opieki nad dziećmi.</p>
<p>Dni wolne od zajęć dydaktyczno-wychowawczych:</p>
<p>10 listopada 2025</p>
<p>29–31 grudnia 2025</p>
<p>2 stycznia 2026</p>
<p>5 czerwca 2026</p>
<p>14 sierpnia 2026</p>
<p>Przerwa wakacyjna</p>
<p>13–31 lipca 2026</p>
<p>Zależy nam na dobrej komunikacji i przejrzystości organizacji pracy – dlatego wszystkie istotne informacje przekazujemy Państwu z wyprzedzeniem.[/vc_column_text][/vc_column][vc_column width=&#8221;1/2&#8243; cms_title_size=&#8221;h2&#8243; cms_counter_border_color=&#8221;&#8221; cms_counter_bg_color=&#8221;&#8221;][vc_single_image image=&#8221;474&#8243; img_size=&#8221;480&#215;360&#8243;][vc_empty_space][/vc_column][/vc_row]</p>

<p>[vc_row][vc_column width=&#8221;1/2&#8243; cms_title_size=&#8221;h2&#8243;][vc_column_text]Wrocławskie Skauty V zapraszają dzieci od poniedziałku do piątku w godzinach 6:30–17:30. Nasze przedszkole funkcjonuje przez cały rok, zapewniając opiekę, edukację i bezpieczną przestrzeń do rozwoju. Wyjątek stanowi trzytygodniowa przerwa wakacyjna oraz wybrane dni świąteczne. Wszystkie przerwy w pracy placówki ustalane są z odpowiednim wyprzedzeniem, aby umożliwić Państwu wygodne zaplanowanie opieki nad dziećmi. [&hellip;]</p>
