{"id":78,"date":"2022-07-21T13:13:34","date_gmt":"2022-07-21T11:13:34","guid":{"rendered":"https:\/\/www.wroclawskieskauty.pl\/skauty-1\/?page_id=78"},"modified":"2023-10-16T11:58:59","modified_gmt":"2023-10-16T09:58:59","slug":"harmonogram-dnia","status":"publish","type":"page","link":"https:\/\/www.wroclawskieskauty.pl\/skauty-5\/harmonogram-dnia\/","title":{"rendered":"Harmonogram dnia"},"content":{"rendered":"<p>[vc_row equal_height=&#8221;yes&#8221;][vc_column width=&#8221;1\/6&#8243;][\/vc_column][vc_column width=&#8221;1\/6&#8243;][vc_column_text]<\/p>\n<h3>6:30-8:00<\/h3>\n<p>[\/vc_column_text][\/vc_column][vc_column width=&#8221;3\/6&#8243;][vc_column_text]<\/p>\n<p align=\"left\">Otwarcie przedszkola, swobodne zabawy i dowolne zaj\u0119cia wed\u0142ug pomys\u0142\u00f3w i zainteresowa\u0144 dzieci przy niewielkim udziale nauczyciela, indywidualne wspieranie rozwoju dziecka, poranne zabawy ruchowe, rozmowy z dzie\u0107mi zgodne z tematyk\u0105 kompleksow\u0105 i zainteresowaniem dzieci<\/p>\n<p>[\/vc_column_text][vc_empty_space][\/vc_column][vc_column width=&#8221;1\/6&#8243;][\/vc_column][\/vc_row][vc_row equal_height=&#8221;yes&#8221;][vc_column width=&#8221;1\/6&#8243;][\/vc_column][vc_column width=&#8221;1\/6&#8243;][vc_column_text]<\/p>\n<h3>8:00-8:30<\/h3>\n<p>[\/vc_column_text][\/vc_column][vc_column width=&#8221;3\/6&#8243;][vc_column_text]<\/p>\n<p align=\"left\">Zabawy integruj\u0105ce grup\u0119, zabawy ruchowe w kole, \u0107wiczenia og\u00f3lnorozwojowe, czas do dyspozycji nauczyciela; czynno\u015bci porz\u0105dkowe w sali, wyrabianie nawyk\u00f3w i czynno\u015bci higienicznych, kulturalnych zwi\u0105zanych z samoobs\u0142ug\u0105 dziecka \u2013 przygotowanie do \u015bniadania<\/p>\n<p>[\/vc_column_text][vc_empty_space][\/vc_column][vc_column width=&#8221;1\/6&#8243;][\/vc_column][\/vc_row][vc_row equal_height=&#8221;yes&#8221;][vc_column width=&#8221;1\/6&#8243;][\/vc_column][vc_column width=&#8221;1\/6&#8243;][vc_column_text]<\/p>\n<h3>8:30-9:00<\/h3>\n<p>[\/vc_column_text][\/vc_column][vc_column width=&#8221;3\/6&#8243;][vc_column_text]<\/p>\n<p align=\"left\"><strong>\u015aniadanie<\/strong><\/p>\n<p>[\/vc_column_text][vc_empty_space height=&#8221;100px&#8221;][\/vc_column][vc_column width=&#8221;1\/6&#8243;][\/vc_column][\/vc_row][vc_row equal_height=&#8221;yes&#8221;][vc_column width=&#8221;1\/6&#8243;][\/vc_column][vc_column width=&#8221;1\/6&#8243;][vc_column_text]<\/p>\n<h3>9:00-10:00<\/h3>\n<p>[\/vc_column_text][\/vc_column][vc_column width=&#8221;3\/6&#8243;][vc_column_text]<\/p>\n<p align=\"left\">Realizacja zada\u0144 edukacyjnych poprzez zaj\u0119cia z ca\u0142\u0105 grup\u0105 \u2013 zaj\u0119cia dydaktyczne, programowe prowadzone przez nauczyciela wyzwalaj\u0105ce aktywno\u015b\u0107 dzieci w r\u00f3\u017cnych sferach rozwoju: poznawczej, werbalnej, plastycznej, muzycznej, ruchowej oraz zaj\u0119cia dodatkowe, w szczeg\u00f3lno\u015bci z j\u0119zyka angielskiego, logopedyczne, zaj\u0119cia rytmiczno\u2013 muzyczne, itp.<\/p>\n<p>[\/vc_column_text][vc_empty_space][\/vc_column][vc_column width=&#8221;1\/6&#8243;][\/vc_column][\/vc_row][vc_row equal_height=&#8221;yes&#8221;][vc_column width=&#8221;1\/6&#8243;][\/vc_column][vc_column width=&#8221;1\/6&#8243;][vc_column_text]<\/p>\n<h3>10:00-10:15<\/h3>\n<p>[\/vc_column_text][\/vc_column][vc_column width=&#8221;3\/6&#8243;][vc_column_text]<\/p>\n<p align=\"left\"><strong>II \u015bniadanie<\/strong><\/p>\n<p>[\/vc_column_text][vc_empty_space height=&#8221;100px&#8221;][\/vc_column][vc_column width=&#8221;1\/6&#8243;][\/vc_column][\/vc_row][vc_row equal_height=&#8221;yes&#8221;][vc_column width=&#8221;1\/6&#8243;][\/vc_column][vc_column width=&#8221;1\/6&#8243;][vc_column_text]<\/p>\n<h3>10:15-11:30<\/h3>\n<p>[\/vc_column_text][\/vc_column][vc_column width=&#8221;3\/6&#8243;][vc_column_text]<\/p>\n<p align=\"left\">Wycieczki, wyj\u015bcia na spacery, obserwacje przyrodnicze, zabawy dowolne na \u015bwie\u017cym powietrzu, w razie niekorzystnej pogody gry i zabawy swobodne lub zorganizowane w sali, zabawy dydaktyczne, \u0107wiczenia graficzne, utrwalanie poznanych wierszy i piosenek, zaj\u0119cia dodatkowe<\/p>\n<p>[\/vc_column_text][vc_empty_space][\/vc_column][vc_column width=&#8221;1\/6&#8243;][\/vc_column][\/vc_row][vc_row equal_height=&#8221;yes&#8221;][vc_column width=&#8221;1\/6&#8243;][\/vc_column][vc_column width=&#8221;1\/6&#8243;][vc_column_text]<\/p>\n<h3>11:30-12:00<\/h3>\n<p>[\/vc_column_text][\/vc_column][vc_column width=&#8221;3\/6&#8243;][vc_column_text]<\/p>\n<p align=\"left\"><strong>Zupa<\/strong><\/p>\n<p>[\/vc_column_text][vc_empty_space height=&#8221;100px&#8221;][\/vc_column][vc_column width=&#8221;1\/6&#8243;][\/vc_column][\/vc_row][vc_row equal_height=&#8221;yes&#8221;][vc_column width=&#8221;1\/6&#8243;][\/vc_column][vc_column width=&#8221;1\/6&#8243;][vc_column_text]<\/p>\n<h3>12:00-13:15<\/h3>\n<p>[\/vc_column_text][\/vc_column][vc_column width=&#8221;3\/6&#8243;][vc_column_text]<\/p>\n<p align=\"left\"><span style=\"font-family: Times New Roman, serif;\"><span style=\"font-size: medium;\"><span style=\"font-family: Dosis, serif;\"><span style=\"font-size: large;\"><span lang=\"pl-PL\">Le\u017cakowanie dla ch\u0119tnych dzieci, s\u0142uchanie opowiada\u0144 nauczyciela na podstawie literatury dzieci\u0119cej (ewentualnie czytanie fragment\u00f3w ksi\u0105\u017cek), zabawy swobodne i zespo\u0142owe w sali i ogrodzie; indywidualne wspieranie rozwoju dziecka, czas do dyspozycji nauczyciela, zaj\u0119cia dodatkowe<\/span><\/span><\/span><\/span><\/span><\/p>\n<p>[\/vc_column_text][vc_empty_space height=&#8221;62px&#8221;][\/vc_column][vc_column width=&#8221;1\/6&#8243;][\/vc_column][\/vc_row][vc_row equal_height=&#8221;yes&#8221;][vc_column width=&#8221;1\/6&#8243;][\/vc_column][vc_column width=&#8221;1\/6&#8243;][vc_column_text]<\/p>\n<h3>13:15-14:15<\/h3>\n<p>[\/vc_column_text][\/vc_column][vc_column width=&#8221;3\/6&#8243;][vc_column_text]<\/p>\n<p align=\"left\"><strong>II danie<\/strong><\/p>\n<p>[\/vc_column_text][vc_empty_space height=&#8221;100px&#8221;][\/vc_column][vc_column width=&#8221;1\/6&#8243;][\/vc_column][\/vc_row][vc_row equal_height=&#8221;yes&#8221;][vc_column width=&#8221;1\/6&#8243;][\/vc_column][vc_column width=&#8221;1\/6&#8243;][vc_column_text]<\/p>\n<h3>14:15-15:00<\/h3>\n<p>[\/vc_column_text][\/vc_column][vc_column width=&#8221;3\/6&#8243;][vc_column_text]<\/p>\n<p align=\"left\">Relaks z bajk\u0105 i muzyk\u0105; zabawy swobodne i zespo\u0142owe w sali i ogrodzie; indywidualne wspieranie rozwoju dziecka, czas\u00a0 do dyspozycji nauczyciela<\/p>\n<p>[\/vc_column_text][vc_empty_space][\/vc_column][vc_column width=&#8221;1\/6&#8243;][\/vc_column][\/vc_row][vc_row equal_height=&#8221;yes&#8221;][vc_column width=&#8221;1\/6&#8243;][\/vc_column][vc_column width=&#8221;1\/6&#8243;][vc_column_text]<\/p>\n<h3>15:00-15:15<\/h3>\n<p>[\/vc_column_text][\/vc_column][vc_column width=&#8221;3\/6&#8243;][vc_column_text]<\/p>\n<p align=\"left\"><strong>Podwieczorek<\/strong><\/p>\n<p>[\/vc_column_text][vc_empty_space height=&#8221;100px&#8221;][\/vc_column][vc_column width=&#8221;1\/6&#8243;][\/vc_column][\/vc_row][vc_row equal_height=&#8221;yes&#8221;][vc_column width=&#8221;1\/6&#8243;][\/vc_column][vc_column width=&#8221;1\/6&#8243;][vc_column_text]<\/p>\n<h3>15:15-17:30<\/h3>\n<p>[\/vc_column_text][\/vc_column][vc_column width=&#8221;3\/6&#8243;][vc_column_text]<\/p>\n<p align=\"left\"><span style=\"font-family: Times New Roman, serif;\"><span style=\"font-size: medium;\"><span style=\"font-family: Dosis, serif;\"><span style=\"font-size: large;\"><span lang=\"pl-PL\">Zabawy konstrukcyjne oraz rozwijaj\u0105ce koordynacj\u0119 wzrokowo \u2013 ruchow\u0105 i sprawno\u015b\u0107 manualn\u0105, gry i zabawy dowolne wed\u0142ug zainteresowa\u0144, indywidualna praca stymulacyjna lub korekcyjno\u2013 kompensacyjna, zaj\u0119cia dodatkowe<\/span><\/span><\/span><\/span><\/span><\/p>\n<p>[\/vc_column_text][vc_empty_space][\/vc_column][vc_column width=&#8221;1\/6&#8243;][\/vc_column][\/vc_row][vc_row equal_height=&#8221;yes&#8221;][vc_column width=&#8221;1\/6&#8243;][\/vc_column][vc_column width=&#8221;1\/6&#8243;][vc_column_text]<\/p>\n<h3>13:00-17:30<\/h3>\n<p>[\/vc_column_text][\/vc_column][vc_column width=&#8221;3\/6&#8243;][vc_column_text]<\/p>\n<p align=\"left\"><strong>Odbi\u00f3r dzieci z przedszkola<\/strong><\/p>\n<p>[\/vc_column_text][vc_empty_space height=&#8221;100px&#8221;][\/vc_column][vc_column width=&#8221;1\/6&#8243;][\/vc_column][\/vc_row]<\/p>\n","protected":false},"excerpt":{"rendered":"<p>[vc_row equal_height=&#8221;yes&#8221;][vc_column width=&#8221;1\/6&#8243;][\/vc_column][vc_column width=&#8221;1\/6&#8243;][vc_column_text] 6:30-8:00 [\/vc_column_text][\/vc_column][vc_column width=&#8221;3\/6&#8243;][vc_column_text] Otwarcie przedszkola, swobodne zabawy i dowolne zaj\u0119cia wed\u0142ug pomys\u0142\u00f3w i zainteresowa\u0144 dzieci przy niewielkim udziale nauczyciela, indywidualne wspieranie rozwoju dziecka, poranne zabawy ruchowe, rozmowy z dzie\u0107mi zgodne z tematyk\u0105 kompleksow\u0105 i zainteresowaniem dzieci [\/vc_column_text][vc_empty_space][\/vc_column][vc_column width=&#8221;1\/6&#8243;][\/vc_column][\/vc_row][vc_row equal_height=&#8221;yes&#8221;][vc_column width=&#8221;1\/6&#8243;][\/vc_column][vc_column width=&#8221;1\/6&#8243;][vc_column_text] 8:00-8:30 [\/vc_column_text][\/vc_column][vc_column width=&#8221;3\/6&#8243;][vc_column_text] Zabawy integruj\u0105ce grup\u0119, zabawy ruchowe w kole, [&hellip;]<\/p>\n","protected":false},"author":1,"featured_media":0,"parent":0,"menu_order":0,"comment_status":"closed","ping_status":"closed","template":"","meta":[],"acf":[],"_links":{"self":[{"href":"https:\/\/www.wroclawskieskauty.pl\/skauty-5\/wp-json\/wp\/v2\/pages\/78"}],"collection":[{"href":"https:\/\/www.wroclawskieskauty.pl\/skauty-5\/wp-json\/wp\/v2\/pages"}],"about":[{"href":"https:\/\/www.wroclawskieskauty.pl\/skauty-5\/wp-json\/wp\/v2\/types\/page"}],"author":[{"embeddable":true,"href":"https:\/\/www.wroclawskieskauty.pl\/skauty-5\/wp-json\/wp\/v2\/users\/1"}],"replies":[{"embeddable":true,"href":"https:\/\/www.wroclawskieskauty.pl\/skauty-5\/wp-json\/wp\/v2\/comments?post=78"}],"version-history":[{"count":18,"href":"https:\/\/www.wroclawskieskauty.pl\/skauty-5\/wp-json\/wp\/v2\/pages\/78\/revisions"}],"predecessor-version":[{"id":439,"href":"https:\/\/www.wroclawskieskauty.pl\/skauty-5\/wp-json\/wp\/v2\/pages\/78\/revisions\/439"}],"wp:attachment":[{"href":"https:\/\/www.wroclawskieskauty.pl\/skauty-5\/wp-json\/wp\/v2\/media?parent=78"}],"curies":[{"name":"wp","href":"https:\/\/api.w.org\/{rel}","templated":true}]}}

<p>[vc_row equal_height=&#8221;yes&#8221;][vc_column width=&#8221;1/6&#8243;][/vc_column][vc_column width=&#8221;1/6&#8243;][vc_column_text]</p>
<h3>6:30-8:00</h3>
<p>[/vc_column_text][/vc_column][vc_column width=&#8221;3/6&#8243;][vc_column_text]</p>
<p align="left">Otwarcie przedszkola, swobodne zabawy i dowolne zajęcia według pomysłów i zainteresowań dzieci przy niewielkim udziale nauczyciela, indywidualne wspieranie rozwoju dziecka, poranne zabawy ruchowe, rozmowy z dziećmi zgodne z tematyką kompleksową i zainteresowaniem dzieci</p>
<p>[/vc_column_text][vc_empty_space][/vc_column][vc_column width=&#8221;1/6&#8243;][/vc_column][/vc_row][vc_row equal_height=&#8221;yes&#8221;][vc_column width=&#8221;1/6&#8243;][/vc_column][vc_column width=&#8221;1/6&#8243;][vc_column_text]</p>
<h3>8:00-8:30</h3>
<p>[/vc_column_text][/vc_column][vc_column width=&#8221;3/6&#8243;][vc_column_text]</p>
<p align="left">Zabawy integrujące grupę, zabawy ruchowe w kole, ćwiczenia ogólnorozwojowe, czas do dyspozycji nauczyciela; czynności porządkowe w sali, wyrabianie nawyków i czynności higienicznych, kulturalnych związanych z samoobsługą dziecka – przygotowanie do śniadania</p>
<p>[/vc_column_text][vc_empty_space][/vc_column][vc_column width=&#8221;1/6&#8243;][/vc_column][/vc_row][vc_row equal_height=&#8221;yes&#8221;][vc_column width=&#8221;1/6&#8243;][/vc_column][vc_column width=&#8221;1/6&#8243;][vc_column_text]</p>
<h3>8:30-9:00</h3>
<p>[/vc_column_text][/vc_column][vc_column width=&#8221;3/6&#8243;][vc_column_text]</p>
<p align="left"><strong>Śniadanie</strong></p>
<p>[/vc_column_text][vc_empty_space height=&#8221;100px&#8221;][/vc_column][vc_column width=&#8221;1/6&#8243;][/vc_column][/vc_row][vc_row equal_height=&#8221;yes&#8221;][vc_column width=&#8221;1/6&#8243;][/vc_column][vc_column width=&#8221;1/6&#8243;][vc_column_text]</p>
<h3>9:00-10:00</h3>
<p>[/vc_column_text][/vc_column][vc_column width=&#8221;3/6&#8243;][vc_column_text]</p>
<p align="left">Realizacja zadań edukacyjnych poprzez zajęcia z całą grupą – zajęcia dydaktyczne, programowe prowadzone przez nauczyciela wyzwalające aktywność dzieci w różnych sferach rozwoju: poznawczej, werbalnej, plastycznej, muzycznej, ruchowej oraz zajęcia dodatkowe, w szczególności z języka angielskiego, logopedyczne, zajęcia rytmiczno– muzyczne, itp.</p>
<p>[/vc_column_text][vc_empty_space][/vc_column][vc_column width=&#8221;1/6&#8243;][/vc_column][/vc_row][vc_row equal_height=&#8221;yes&#8221;][vc_column width=&#8221;1/6&#8243;][/vc_column][vc_column width=&#8221;1/6&#8243;][vc_column_text]</p>
<h3>10:00-10:15</h3>
<p>[/vc_column_text][/vc_column][vc_column width=&#8221;3/6&#8243;][vc_column_text]</p>
<p align="left"><strong>II śniadanie</strong></p>
<p>[/vc_column_text][vc_empty_space height=&#8221;100px&#8221;][/vc_column][vc_column width=&#8221;1/6&#8243;][/vc_column][/vc_row][vc_row equal_height=&#8221;yes&#8221;][vc_column width=&#8221;1/6&#8243;][/vc_column][vc_column width=&#8221;1/6&#8243;][vc_column_text]</p>
<h3>10:15-11:30</h3>
<p>[/vc_column_text][/vc_column][vc_column width=&#8221;3/6&#8243;][vc_column_text]</p>
<p align="left">Wycieczki, wyjścia na spacery, obserwacje przyrodnicze, zabawy dowolne na świeżym powietrzu, w razie niekorzystnej pogody gry i zabawy swobodne lub zorganizowane w sali, zabawy dydaktyczne, ćwiczenia graficzne, utrwalanie poznanych wierszy i piosenek, zajęcia dodatkowe</p>
<p>[/vc_column_text][vc_empty_space][/vc_column][vc_column width=&#8221;1/6&#8243;][/vc_column][/vc_row][vc_row equal_height=&#8221;yes&#8221;][vc_column width=&#8221;1/6&#8243;][/vc_column][vc_column width=&#8221;1/6&#8243;][vc_column_text]</p>
<h3>11:30-12:00</h3>
<p>[/vc_column_text][/vc_column][vc_column width=&#8221;3/6&#8243;][vc_column_text]</p>
<p align="left"><strong>Zupa</strong></p>
<p>[/vc_column_text][vc_empty_space height=&#8221;100px&#8221;][/vc_column][vc_column width=&#8221;1/6&#8243;][/vc_column][/vc_row][vc_row equal_height=&#8221;yes&#8221;][vc_column width=&#8221;1/6&#8243;][/vc_column][vc_column width=&#8221;1/6&#8243;][vc_column_text]</p>
<h3>12:00-13:15</h3>
<p>[/vc_column_text][/vc_column][vc_column width=&#8221;3/6&#8243;][vc_column_text]</p>
<p align="left"><span style="font-family: Times New Roman, serif;"><span style="font-size: medium;"><span style="font-family: Dosis, serif;"><span style="font-size: large;"><span lang="pl-PL">Leżakowanie dla chętnych dzieci, słuchanie opowiadań nauczyciela na podstawie literatury dziecięcej (ewentualnie czytanie fragmentów książek), zabawy swobodne i zespołowe w sali i ogrodzie; indywidualne wspieranie rozwoju dziecka, czas do dyspozycji nauczyciela, zajęcia dodatkowe</span></span></span></span></span></p>
<p>[/vc_column_text][vc_empty_space height=&#8221;62px&#8221;][/vc_column][vc_column width=&#8221;1/6&#8243;][/vc_column][/vc_row][vc_row equal_height=&#8221;yes&#8221;][vc_column width=&#8221;1/6&#8243;][/vc_column][vc_column width=&#8221;1/6&#8243;][vc_column_text]</p>
<h3>13:15-14:15</h3>
<p>[/vc_column_text][/vc_column][vc_column width=&#8221;3/6&#8243;][vc_column_text]</p>
<p align="left"><strong>II danie</strong></p>
<p>[/vc_column_text][vc_empty_space height=&#8221;100px&#8221;][/vc_column][vc_column width=&#8221;1/6&#8243;][/vc_column][/vc_row][vc_row equal_height=&#8221;yes&#8221;][vc_column width=&#8221;1/6&#8243;][/vc_column][vc_column width=&#8221;1/6&#8243;][vc_column_text]</p>
<h3>14:15-15:00</h3>
<p>[/vc_column_text][/vc_column][vc_column width=&#8221;3/6&#8243;][vc_column_text]</p>
<p align="left">Relaks z bajką i muzyką; zabawy swobodne i zespołowe w sali i ogrodzie; indywidualne wspieranie rozwoju dziecka, czas  do dyspozycji nauczyciela</p>
<p>[/vc_column_text][vc_empty_space][/vc_column][vc_column width=&#8221;1/6&#8243;][/vc_column][/vc_row][vc_row equal_height=&#8221;yes&#8221;][vc_column width=&#8221;1/6&#8243;][/vc_column][vc_column width=&#8221;1/6&#8243;][vc_column_text]</p>
<h3>15:00-15:15</h3>
<p>[/vc_column_text][/vc_column][vc_column width=&#8221;3/6&#8243;][vc_column_text]</p>
<p align="left"><strong>Podwieczorek</strong></p>
<p>[/vc_column_text][vc_empty_space height=&#8221;100px&#8221;][/vc_column][vc_column width=&#8221;1/6&#8243;][/vc_column][/vc_row][vc_row equal_height=&#8221;yes&#8221;][vc_column width=&#8221;1/6&#8243;][/vc_column][vc_column width=&#8221;1/6&#8243;][vc_column_text]</p>
<h3>15:15-17:30</h3>
<p>[/vc_column_text][/vc_column][vc_column width=&#8221;3/6&#8243;][vc_column_text]</p>
<p align="left"><span style="font-family: Times New Roman, serif;"><span style="font-size: medium;"><span style="font-family: Dosis, serif;"><span style="font-size: large;"><span lang="pl-PL">Zabawy konstrukcyjne oraz rozwijające koordynację wzrokowo – ruchową i sprawność manualną, gry i zabawy dowolne według zainteresowań, indywidualna praca stymulacyjna lub korekcyjno– kompensacyjna, zajęcia dodatkowe</span></span></span></span></span></p>
<p>[/vc_column_text][vc_empty_space][/vc_column][vc_column width=&#8221;1/6&#8243;][/vc_column][/vc_row][vc_row equal_height=&#8221;yes&#8221;][vc_column width=&#8221;1/6&#8243;][/vc_column][vc_column width=&#8221;1/6&#8243;][vc_column_text]</p>
<h3>13:00-17:30</h3>
<p>[/vc_column_text][/vc_column][vc_column width=&#8221;3/6&#8243;][vc_column_text]</p>
<p align="left"><strong>Odbiór dzieci z przedszkola</strong></p>
<p>[/vc_column_text][vc_empty_space height=&#8221;100px&#8221;][/vc_column][vc_column width=&#8221;1/6&#8243;][/vc_column][/vc_row]</p>

<p>[vc_row equal_height=&#8221;yes&#8221;][vc_column width=&#8221;1/6&#8243;][/vc_column][vc_column width=&#8221;1/6&#8243;][vc_column_text] 6:30-8:00 [/vc_column_text][/vc_column][vc_column width=&#8221;3/6&#8243;][vc_column_text] Otwarcie przedszkola, swobodne zabawy i dowolne zajęcia według pomysłów i zainteresowań dzieci przy niewielkim udziale nauczyciela, indywidualne wspieranie rozwoju dziecka, poranne zabawy ruchowe, rozmowy z dziećmi zgodne z tematyką kompleksową i zainteresowaniem dzieci [/vc_column_text][vc_empty_space][/vc_column][vc_column width=&#8221;1/6&#8243;][/vc_column][/vc_row][vc_row equal_height=&#8221;yes&#8221;][vc_column width=&#8221;1/6&#8243;][/vc_column][vc_column width=&#8221;1/6&#8243;][vc_column_text] 8:00-8:30 [/vc_column_text][/vc_column][vc_column width=&#8221;3/6&#8243;][vc_column_text] Zabawy integrujące grupę, zabawy ruchowe w kole, [&hellip;]</p>
