{"id":70,"date":"2022-07-20T21:40:18","date_gmt":"2022-07-20T19:40:18","guid":{"rendered":"https:\/\/www.wroclawskieskauty.pl\/skauty-7\/?page_id=70"},"modified":"2022-10-16T15:36:11","modified_gmt":"2022-10-16T13:36:11","slug":"godziny-pracy","status":"publish","type":"page","link":"https:\/\/www.wroclawskieskauty.pl\/skauty-7\/godziny-pracy\/","title":{"rendered":"Organizacja i godziny pracy"},"content":{"rendered":"<p>[vc_row][vc_column width=&#8221;1\/2&#8243; cms_title_size=&#8221;h2&#8243;][vc_column_text]<span style=\"color: #6f4792; font-size: 21px; line-height: 31px; font-weight: bold;\">ROCZNA ORGANIZACJA PRZEDSZKOLA<br \/>\n<\/span>[\/vc_column_text][vc_empty_space height=&#8221;36px&#8221;][vc_column_text]<\/p>\n<p class=\"font_7\">Wroc\u0142awskie Skauty zapraszaj\u0105 od poniedzia\u0142ku do pi\u0105tku w godzinach <span class=\"color_15\">od\u00a0<strong>6:30<\/strong> do <strong>17:30<\/strong><\/span>.<\/p>\n<p class=\"font_7\">Przedszkola s\u0105 czynne ca\u0142y rok, z wyj\u0105tkiem 1 miesi\u0105ca w okresie wakacyjnym, podczas kt\u00f3rych trwa przerwa remontowa\u00a0niezb\u0119dna po 11 miesi\u0105cach intensywnego u\u017cytkowania budynku.\u00a0Termin przerwy podawany jest z odpowiednim wyprzedzeniem.<\/p>\n<p class=\"font_7\">Zapisy prowadzimy ca\u0142y rok, w zale\u017cno\u015bci od ilo\u015bci wolnych miejsc. Gwarantujemy elastyczny okres adaptacji Dziecka, indywidualnie dopasowany<br \/>\ndo ka\u017cdej Rodziny.<\/p>\n<p>&nbsp;<\/p>\n<p class=\"font_7\">Wi\u0119cej o<a href=\"https:\/\/www.wroclawskieskauty.pl\/skauty-1-new\/rekrutacja\/\" rel=\"noopener\"> <span class=\"color_15\">REKRUTACJA<\/span><\/a><\/p>\n<p>[\/vc_column_text][\/vc_column][vc_column width=&#8221;1\/2&#8243; cms_title_size=&#8221;h2&#8243; cms_counter_border_color=&#8221;&#8221; cms_counter_bg_color=&#8221;&#8221;][vc_single_image image=&#8221;204&#8243; img_size=&#8221;480&#215;360&#8243;][vc_empty_space][vc_column_text]<\/p>\n<div id=\"comp-jgxt2e9t\" class=\"txtNew\" data-packed=\"false\" data-min-height=\"123\">\n<p class=\"font_8\">Jeste\u015bmy otwarci od poniedzia\u0142ku do pi\u0105tku, w godz. 6:30 &#8211; 17:30<\/p>\n<\/div>\n<p>[\/vc_column_text][\/vc_column][\/vc_row]<\/p>\n","protected":false},"excerpt":{"rendered":"<p>[vc_row][vc_column width=&#8221;1\/2&#8243; cms_title_size=&#8221;h2&#8243;][vc_column_text]ROCZNA ORGANIZACJA PRZEDSZKOLA [\/vc_column_text][vc_empty_space height=&#8221;36px&#8221;][vc_column_text] Wroc\u0142awskie Skauty zapraszaj\u0105 od poniedzia\u0142ku do pi\u0105tku w godzinach od\u00a06:30 do 17:30. Przedszkola s\u0105 czynne ca\u0142y rok, z wyj\u0105tkiem 1 miesi\u0105ca w okresie wakacyjnym, podczas kt\u00f3rych trwa przerwa remontowa\u00a0niezb\u0119dna po 11 miesi\u0105cach intensywnego u\u017cytkowania budynku.\u00a0Termin przerwy podawany jest z odpowiednim wyprzedzeniem. Zapisy prowadzimy ca\u0142y rok, w zale\u017cno\u015bci od [&hellip;]<\/p>\n","protected":false},"author":1,"featured_media":0,"parent":0,"menu_order":0,"comment_status":"closed","ping_status":"closed","template":"","meta":{"footnotes":""},"class_list":["post-70","page","type-page","status-publish","hentry"],"acf":[],"_links":{"self":[{"href":"https:\/\/www.wroclawskieskauty.pl\/skauty-7\/wp-json\/wp\/v2\/pages\/70","targetHints":{"allow":["GET"]}}],"collection":[{"href":"https:\/\/www.wroclawskieskauty.pl\/skauty-7\/wp-json\/wp\/v2\/pages"}],"about":[{"href":"https:\/\/www.wroclawskieskauty.pl\/skauty-7\/wp-json\/wp\/v2\/types\/page"}],"author":[{"embeddable":true,"href":"https:\/\/www.wroclawskieskauty.pl\/skauty-7\/wp-json\/wp\/v2\/users\/1"}],"replies":[{"embeddable":true,"href":"https:\/\/www.wroclawskieskauty.pl\/skauty-7\/wp-json\/wp\/v2\/comments?post=70"}],"version-history":[{"count":5,"href":"https:\/\/www.wroclawskieskauty.pl\/skauty-7\/wp-json\/wp\/v2\/pages\/70\/revisions"}],"predecessor-version":[{"id":279,"href":"https:\/\/www.wroclawskieskauty.pl\/skauty-7\/wp-json\/wp\/v2\/pages\/70\/revisions\/279"}],"wp:attachment":[{"href":"https:\/\/www.wroclawskieskauty.pl\/skauty-7\/wp-json\/wp\/v2\/media?parent=70"}],"curies":[{"name":"wp","href":"https:\/\/api.w.org\/{rel}","templated":true}]}}

<p>[vc_row][vc_column width=&#8221;1/2&#8243; cms_title_size=&#8221;h2&#8243;][vc_column_text]<span style="color: #6f4792; font-size: 21px; line-height: 31px; font-weight: bold;">ROCZNA ORGANIZACJA PRZEDSZKOLA<br />
</span>[/vc_column_text][vc_empty_space height=&#8221;36px&#8221;][vc_column_text]</p>
<p class="font_7">Wrocławskie Skauty zapraszają od poniedziałku do piątku w godzinach <span class="color_15">od <strong>6:30</strong> do <strong>17:30</strong></span>.</p>
<p class="font_7">Przedszkola są czynne cały rok, z wyjątkiem 1 miesiąca w okresie wakacyjnym, podczas których trwa przerwa remontowa niezbędna po 11 miesiącach intensywnego użytkowania budynku. Termin przerwy podawany jest z odpowiednim wyprzedzeniem.</p>
<p class="font_7">Zapisy prowadzimy cały rok, w zależności od ilości wolnych miejsc. Gwarantujemy elastyczny okres adaptacji Dziecka, indywidualnie dopasowany<br />
do każdej Rodziny.</p>
<p>&nbsp;</p>
<p class="font_7">Więcej o<a href="https://www.wroclawskieskauty.pl/skauty-1-new/rekrutacja/" rel="noopener"> <span class="color_15">REKRUTACJA</span></a></p>
<p>[/vc_column_text][/vc_column][vc_column width=&#8221;1/2&#8243; cms_title_size=&#8221;h2&#8243; cms_counter_border_color=&#8221;&#8221; cms_counter_bg_color=&#8221;&#8221;][vc_single_image image=&#8221;204&#8243; img_size=&#8221;480&#215;360&#8243;][vc_empty_space][vc_column_text]</p>
<div id="comp-jgxt2e9t" class="txtNew" data-packed="false" data-min-height="123">
<p class="font_8">Jesteśmy otwarci od poniedziałku do piątku, w godz. 6:30 &#8211; 17:30</p>
</div>
<p>[/vc_column_text][/vc_column][/vc_row]</p>

<p>[vc_row][vc_column width=&#8221;1/2&#8243; cms_title_size=&#8221;h2&#8243;][vc_column_text]ROCZNA ORGANIZACJA PRZEDSZKOLA [/vc_column_text][vc_empty_space height=&#8221;36px&#8221;][vc_column_text] Wrocławskie Skauty zapraszają od poniedziałku do piątku w godzinach od 6:30 do 17:30. Przedszkola są czynne cały rok, z wyjątkiem 1 miesiąca w okresie wakacyjnym, podczas których trwa przerwa remontowa niezbędna po 11 miesiącach intensywnego użytkowania budynku. Termin przerwy podawany jest z odpowiednim wyprzedzeniem. Zapisy prowadzimy cały rok, w zależności od [&hellip;]</p>
