{"id":72,"date":"2022-07-20T21:40:49","date_gmt":"2022-07-20T19:40:49","guid":{"rendered":"https:\/\/www.wroclawskieskauty.pl\/skauty-7\/?page_id=72"},"modified":"2026-01-30T13:46:48","modified_gmt":"2026-01-30T12:46:48","slug":"posilki-i-zywienie","status":"publish","type":"page","link":"https:\/\/www.wroclawskieskauty.pl\/skauty-7\/posilki-i-zywienie\/","title":{"rendered":"Posi\u0142ki i \u017cywienie"},"content":{"rendered":"<p>[vc_row css=&#8221;.vc_custom_1658687620410{padding-top: 0px !important;padding-bottom: 0px !important;}&#8221;][vc_column width=&#8221;1\/2&#8243; cms_title_size=&#8221;h2&#8243;][vc_column_text]Od\u017cywianie dzieci jest jednym z najcz\u0119stszych aspekt\u00f3w, o kt\u00f3re martwi\u0105 si\u0119 Rodzice. Nie tylko w przedszkolu. Ile\u017c to razy prosimy nasze dzieci, by zjad\u0142y obiad, albo chocia\u017c zupk\u0119, albo cokolwiek ciep\u0142ego&#8230; Cz\u0119sto przy stole s\u0142ycha\u0107 p\u0142acz, denerwuje si\u0119 ca\u0142a rodzina, a przecie\u017c tak by\u0107 nie musi![\/vc_column_text][vc_empty_space height=&#8221;36px&#8221;][vc_column_text]<\/p>\n<p class=\"font_7\">We Wroc\u0142awskich Skautach dbamy o to, w jaki spos\u00f3b podajemy naszym pociechom posi\u0142ki, w jakiej atmosferze, a nawet &#8211; jakie ma\u0142e rytua\u0142y nam codziennie towarzysz\u0105! Kt\u00f3ry niejadek oprze si\u0119 wsp\u00f3lnemu posi\u0142kowi w tipi? Kto jak nie dzieci za\u015bpiewaj\u0105 ochoczo przedobiadow\u0105 piosenk\u0119? Pokazujemy, \u017ce jedzenie nie musi by\u0107 nudn\u0105 konieczno\u015bci\u0105, ale bardzo ciekaw\u0105 aktywno\u015bci\u0105.<\/p>\n<p>Zdrowe \u017cywienie jest podstaw\u0105 prawid\u0142owego rozwoju dziecka, wp\u0142ywa jako\u015bciowo nie tylko na prawid\u0142owy rozw\u00f3j fizyczny, ale r\u00f3wnie\u017c m\u00f3zgu. Dlatego te\u017c wa\u017cne jest\u00a0 odpowiednie zapewnienie dzieciom r\u00f3wnie\u017c tego komponentu rozwoju.<\/p>\n<p>Wsp\u00f3\u0142pracujemy z firm\u0105 cateringow\u0105, w kt\u00f3rej posi\u0142ki przygotowywane s\u0105 przez profesjonaln\u0105 kadr\u0119, a o ich odpowiednie dobranie dba wykwalifikowany dietetyk. Wszystkie podawane posi\u0142ki s\u0105 pe\u0142nowarto\u015bciowe i przygotowywane z wysokiej jako\u015bci sk\u0142adnik\u00f3w. Wykorzystywane s\u0105 tu naturalne, nieprzetworzone produkty, niezawieraj\u0105ce cukru.\u00a0 Jest to ogromny atut, kt\u00f3ry zapewni\u00a0 Pa\u0144stwa dzieciom wy\u017cywienie najwy\u017cszej jako\u015bci.<\/p>\n<h4 class=\"font_7\"><span class=\"color_14\">SAVOIR-VIVRE PRZY STOLE<\/span><\/h4>\n<p class=\"font_7\">Co wypada przy stole, a czego wr\u0119cz przeciwnie &#8211; robi\u0107 nie mo\u017cemy?<br \/>\nCo to znaczy &#8222;kultura sto\u0142u&#8221;, &#8222;je\u015b\u0107 oczami&#8221;, &#8222;zje\u015b\u0107 konia z kopytami&#8221;?<br \/>\nI wreszcie &#8211; dlaczego jedzenie mo\u017ce by\u0107 sposobem na poznanie ca\u0142ego \u015bwiata &#8222;od kuchni&#8221;?\u00a0 Wyruszamy z dzie\u0107mi w arcyciekaw\u0105 podr\u00f3\u017c!<\/p>\n<p class=\"font_7\"><span class=\"wixGuard\">\u200b<\/span>Oddajemy w r\u0119ce specjalist\u00f3w przygotowanie posi\u0142k\u00f3w z najwy\u017csz\u0105\u00a0staranno\u015bci\u0105, kt\u00f3rzy wsp\u00f3\u0142pracuj\u0105 z dietetykami, s\u0105 kulinarnymi ekspertami i dbaj\u0105 o \u015bwie\u017co\u015b\u0107 i jako\u015b\u0107 produkt\u00f3w.<br \/>\nW naszym przedszkolu oferujemy posi\u0142ki dostosowane do indywidualnych potrzeb dzieci, r\u00f3wnie\u017c alergik\u00f3w.<\/p>\n<p>[\/vc_column_text][vc_empty_space height=&#8221;36px&#8221;][vc_single_image image=&#8221;582&#8243; img_size=&#8221;large&#8221;][\/vc_column][vc_column width=&#8221;1\/2&#8243; cms_title_size=&#8221;h2&#8243; cms_counter_border_color=&#8221;&#8221; cms_counter_bg_color=&#8221;&#8221;][vc_single_image image=&#8221;207&#8243; img_size=&#8221;large&#8221;][vc_empty_space height=&#8221;36px&#8221;][vc_column_text]<\/p>\n<div id=\"comp-jgxqaurv\" class=\"txtNew\" data-packed=\"false\" data-min-height=\"123\">\n<h4 class=\"font_8\">Wroc\u0142awskie Skauty jedz\u0105 posi\u0142ki w nast\u0119puj\u0105cych godzinach:<\/h4>\n<ul class=\"font_8\">\n<li>\n<p class=\"font_8\">8:30-09:00 \u015bniadanie<\/p>\n<\/li>\n<li>\n<p class=\"font_8\">12:00-13:00\u00a0obiad<\/p>\n<\/li>\n<li>\n<p class=\"font_8\">a podwieczorek o 15:00<\/p>\n<\/li>\n<\/ul>\n<\/div>\n<p>[\/vc_column_text][vc_empty_space][vc_column_text]<\/p>\n<div id=\"comp-jh0cchmi\" class=\"txtNew\" data-packed=\"false\" data-min-height=\"123\">\n<h4 class=\"font_8\">Op\u0142aty za posi\u0142ki:<\/h4>\n<ul class=\"font_8\">\n<li>\n<p class=\"font_8\">21,00 z\u0142 &#8211; ca\u0142odzienne wy\u017cywienie<\/p>\n<\/li>\n<li>\n<p class=\"font_8\">23,00 z\u0142 &#8211; ca\u0142odzienne wy\u017cywienie uwzgl\u0119dniaj\u0105ce diet\u0119 dziecka<\/p>\n<\/li>\n<li>\n<p class=\"font_8\">25,00 z\u0142 &#8211; ca\u0142odzienne wy\u017cywienie uwzgl\u0119dniaj\u0105ce diet\u0119 specjalistyczn\u0105 dziecka<\/p>\n<\/li>\n<\/ul>\n<\/div>\n<p>[\/vc_column_text][vc_empty_space][vc_column_text]<\/p>\n<div id=\"comp-jh0cchmi\" class=\"txtNew\" data-packed=\"false\" data-min-height=\"123\">\n<h4 class=\"font_8\">Jad\u0142ospis:<\/h4>\n<\/div>\n<p><a href=\"https:\/\/www.wroclawskieskauty.pl\/skauty-7\/wp-content\/uploads\/2026\/01\/Jadlospis-02.02-06.02-Przedszkole-5-posilkow.pdf\">Jad\u0142ospis 02.02-06.02<\/a>[\/vc_column_text][vc_empty_space][\/vc_column][\/vc_row]<\/p>\n","protected":false},"excerpt":{"rendered":"<p>[vc_row css=&#8221;.vc_custom_1658687620410{padding-top: 0px !important;padding-bottom: 0px !important;}&#8221;][vc_column width=&#8221;1\/2&#8243; cms_title_size=&#8221;h2&#8243;][vc_column_text]Od\u017cywianie dzieci jest jednym z najcz\u0119stszych aspekt\u00f3w, o kt\u00f3re martwi\u0105 si\u0119 Rodzice. Nie tylko w przedszkolu. Ile\u017c to razy prosimy nasze dzieci, by zjad\u0142y obiad, albo chocia\u017c zupk\u0119, albo cokolwiek ciep\u0142ego&#8230; Cz\u0119sto przy stole s\u0142ycha\u0107 p\u0142acz, denerwuje si\u0119 ca\u0142a rodzina, a przecie\u017c tak by\u0107 nie musi![\/vc_column_text][vc_empty_space height=&#8221;36px&#8221;][vc_column_text] We [&hellip;]<\/p>\n","protected":false},"author":1,"featured_media":0,"parent":0,"menu_order":0,"comment_status":"closed","ping_status":"closed","template":"","meta":{"footnotes":""},"class_list":["post-72","page","type-page","status-publish","hentry"],"acf":[],"_links":{"self":[{"href":"https:\/\/www.wroclawskieskauty.pl\/skauty-7\/wp-json\/wp\/v2\/pages\/72","targetHints":{"allow":["GET"]}}],"collection":[{"href":"https:\/\/www.wroclawskieskauty.pl\/skauty-7\/wp-json\/wp\/v2\/pages"}],"about":[{"href":"https:\/\/www.wroclawskieskauty.pl\/skauty-7\/wp-json\/wp\/v2\/types\/page"}],"author":[{"embeddable":true,"href":"https:\/\/www.wroclawskieskauty.pl\/skauty-7\/wp-json\/wp\/v2\/users\/1"}],"replies":[{"embeddable":true,"href":"https:\/\/www.wroclawskieskauty.pl\/skauty-7\/wp-json\/wp\/v2\/comments?post=72"}],"version-history":[{"count":80,"href":"https:\/\/www.wroclawskieskauty.pl\/skauty-7\/wp-json\/wp\/v2\/pages\/72\/revisions"}],"predecessor-version":[{"id":640,"href":"https:\/\/www.wroclawskieskauty.pl\/skauty-7\/wp-json\/wp\/v2\/pages\/72\/revisions\/640"}],"wp:attachment":[{"href":"https:\/\/www.wroclawskieskauty.pl\/skauty-7\/wp-json\/wp\/v2\/media?parent=72"}],"curies":[{"name":"wp","href":"https:\/\/api.w.org\/{rel}","templated":true}]}}