{"id":88,"date":"2022-07-21T13:15:11","date_gmt":"2022-07-21T11:15:11","guid":{"rendered":"http:\/\/localhost\/skauty_1\/?page_id=88"},"modified":"2023-01-18T15:20:02","modified_gmt":"2023-01-18T14:20:02","slug":"rada-rodzicow","status":"publish","type":"page","link":"https:\/\/www.wroclawskieskauty.pl\/zlobek-1\/rada-rodzicow\/","title":{"rendered":"Wyprawka"},"content":{"rendered":"<p>[vc_row][vc_column][vc_column_text]<strong>Wyprawka do \u017c\u0142obka dla &#8222;Ma\u0142ego Skauta&#8221;:<\/strong><\/p>\n<ul>\n<li>Podpisana poduszka z du\u017cym kocykiem<\/li>\n<li>Podpisany bidon<\/li>\n<li>Podpisany smoczek w opakowaniu (je\u015bli dziecko u\u017cywa)<\/li>\n<li>Trzy komplety ubra\u0144 na zmian\u0119 (koszulka, body, spodnie, skarpetki) &#8211; wszystkie rzeczy musz\u0105 znajdowa\u0107 si\u0119 w podpisanych workach\/plecakach<\/li>\n<li>Podpisane kapcie lub skarpetki antypo\u015blizgowe &#8211; je\u015bli dziecko jeszcze nie chodzi<\/li>\n<li>Podpisany ulubiony pluszak &#8211; towarzysz zabaw daj\u0105cy poczucie bezpiecze\u0144stwa \ud83d\ude42<\/li>\n<li>Pampersy<\/li>\n<li>Raz w miesi\u0105cu: trzy paczki mokrych chusteczek oraz jedna paczka chusteczek higienicznych<\/li>\n<li>Podpisany krem na odparzenia<\/li>\n<li>U\u015bmiech na twarzy \ud83d\ude42<\/li>\n<\/ul>\n<p>[\/vc_column_text][\/vc_column][\/vc_row]<\/p>\n","protected":false},"excerpt":{"rendered":"<p>[vc_row][vc_column][vc_column_text]Wyprawka do \u017c\u0142obka dla &#8222;Ma\u0142ego Skauta&#8221;: Podpisana poduszka z du\u017cym kocykiem Podpisany bidon Podpisany smoczek w opakowaniu (je\u015bli dziecko u\u017cywa) Trzy komplety ubra\u0144 na zmian\u0119 (koszulka, body, spodnie, skarpetki) &#8211; wszystkie rzeczy musz\u0105 znajdowa\u0107 si\u0119 w podpisanych workach\/plecakach Podpisane kapcie lub skarpetki antypo\u015blizgowe &#8211; je\u015bli dziecko jeszcze nie chodzi Podpisany ulubiony pluszak &#8211; towarzysz zabaw [&hellip;]<\/p>\n","protected":false},"author":1,"featured_media":0,"parent":0,"menu_order":0,"comment_status":"closed","ping_status":"closed","template":"","meta":{"footnotes":""},"class_list":["post-88","page","type-page","status-publish","hentry"],"acf":[],"_links":{"self":[{"href":"https:\/\/www.wroclawskieskauty.pl\/zlobek-1\/wp-json\/wp\/v2\/pages\/88","targetHints":{"allow":["GET"]}}],"collection":[{"href":"https:\/\/www.wroclawskieskauty.pl\/zlobek-1\/wp-json\/wp\/v2\/pages"}],"about":[{"href":"https:\/\/www.wroclawskieskauty.pl\/zlobek-1\/wp-json\/wp\/v2\/types\/page"}],"author":[{"embeddable":true,"href":"https:\/\/www.wroclawskieskauty.pl\/zlobek-1\/wp-json\/wp\/v2\/users\/1"}],"replies":[{"embeddable":true,"href":"https:\/\/www.wroclawskieskauty.pl\/zlobek-1\/wp-json\/wp\/v2\/comments?post=88"}],"version-history":[{"count":5,"href":"https:\/\/www.wroclawskieskauty.pl\/zlobek-1\/wp-json\/wp\/v2\/pages\/88\/revisions"}],"predecessor-version":[{"id":382,"href":"https:\/\/www.wroclawskieskauty.pl\/zlobek-1\/wp-json\/wp\/v2\/pages\/88\/revisions\/382"}],"wp:attachment":[{"href":"https:\/\/www.wroclawskieskauty.pl\/zlobek-1\/wp-json\/wp\/v2\/media?parent=88"}],"curies":[{"name":"wp","href":"https:\/\/api.w.org\/{rel}","templated":true}]}}